{"id":249,"date":"2023-06-21T22:35:16","date_gmt":"2023-06-21T22:35:16","guid":{"rendered":"https:\/\/reddenunciafeminicidiosestadodemexico.com\/?page_id=249"},"modified":"2023-06-29T01:16:45","modified_gmt":"2023-06-29T01:16:45","slug":"performance-por-las-ausencias","status":"publish","type":"page","link":"https:\/\/reddenunciafeminicidiosestadodemexico.com\/index.php\/performance-por-las-ausencias\/","title":{"rendered":"Performance por la justicia y la vida"},"content":{"rendered":"\n<figure class=\"wp-block-image size-full is-resized\"><a href=\"https:\/\/reddenunciafeminicidiosestadodemexico.com\/index.php\/andando-las-ausencias-por-la-esperanza-ritual-a-10-anos-de-la-desaparicion-de-maria-dolores-rizo\/\"><img loading=\"lazy\" decoding=\"async\" src=\"https:\/\/reddenunciafeminicidiosestadodemexico.com\/wp-content\/uploads\/2023\/06\/Opera-Captura-de-pantalla_2023-06-21_161021_www.youtube.com_-3.png\" alt=\"\" class=\"wp-image-250\" width=\"304\" height=\"205\" srcset=\"https:\/\/reddenunciafeminicidiosestadodemexico.com\/wp-content\/uploads\/2023\/06\/Opera-Captura-de-pantalla_2023-06-21_161021_www.youtube.com_-3.png 791w, https:\/\/reddenunciafeminicidiosestadodemexico.com\/wp-content\/uploads\/2023\/06\/Opera-Captura-de-pantalla_2023-06-21_161021_www.youtube.com_-3-300x203.png 300w, https:\/\/reddenunciafeminicidiosestadodemexico.com\/wp-content\/uploads\/2023\/06\/Opera-Captura-de-pantalla_2023-06-21_161021_www.youtube.com_-3-768x519.png 768w\" sizes=\"auto, (max-width: 304px) 100vw, 304px\" \/><\/a><figcaption class=\"wp-element-caption\">Andando las Ausencias por la Esperanza, ritual a 10 a\u00f1os de la desaparici\u00f3n de MAR\u00cdA DOLORES RIZO<\/figcaption><\/figure>\n\n\n\n<figure class=\"wp-block-image size-full is-resized\"><a href=\"https:\/\/reddenunciafeminicidiosestadodemexico.com\/index.php\/audiencia-por-feminicidio-de-susana-garrido\/\"><img loading=\"lazy\" decoding=\"async\" src=\"https:\/\/reddenunciafeminicidiosestadodemexico.com\/wp-content\/uploads\/2023\/06\/Opera-Captura-de-pantalla_2023-06-28_182716_www.youtube.comm_.png\" alt=\"\" class=\"wp-image-266\" width=\"331\" height=\"418\" srcset=\"https:\/\/reddenunciafeminicidiosestadodemexico.com\/wp-content\/uploads\/2023\/06\/Opera-Captura-de-pantalla_2023-06-28_182716_www.youtube.comm_.png 449w, https:\/\/reddenunciafeminicidiosestadodemexico.com\/wp-content\/uploads\/2023\/06\/Opera-Captura-de-pantalla_2023-06-28_182716_www.youtube.comm_-238x300.png 238w\" sizes=\"auto, (max-width: 331px) 100vw, 331px\" \/><\/a><figcaption class=\"wp-element-caption\">Audiencia por feminicidio de Susana Garrido<\/figcaption><\/figure>\n\n\n\n<figure class=\"wp-block-image size-full is-resized\"><a href=\"https:\/\/reddenunciafeminicidiosestadodemexico.com\/index.php\/caminata-en-memoria-de-karen-y-erick-alvarado-moso\/\"><img loading=\"lazy\" decoding=\"async\" src=\"https:\/\/reddenunciafeminicidiosestadodemexico.com\/wp-content\/uploads\/2023\/06\/Opera-Captura-de-pantalla_2023-06-28_184115_www.youtube.coml_.png\" alt=\"\" class=\"wp-image-275\" width=\"337\" height=\"213\" srcset=\"https:\/\/reddenunciafeminicidiosestadodemexico.com\/wp-content\/uploads\/2023\/06\/Opera-Captura-de-pantalla_2023-06-28_184115_www.youtube.coml_.png 838w, https:\/\/reddenunciafeminicidiosestadodemexico.com\/wp-content\/uploads\/2023\/06\/Opera-Captura-de-pantalla_2023-06-28_184115_www.youtube.coml_-300x190.png 300w, https:\/\/reddenunciafeminicidiosestadodemexico.com\/wp-content\/uploads\/2023\/06\/Opera-Captura-de-pantalla_2023-06-28_184115_www.youtube.coml_-768x487.png 768w\" sizes=\"auto, (max-width: 337px) 100vw, 337px\" \/><\/a><figcaption class=\"wp-element-caption\">Caminata en memoria de Karen y Erik Alvarado Mosso<\/figcaption><\/figure>\n\n\n\n<figure class=\"wp-block-image size-full is-resized\"><a href=\"https:\/\/reddenunciafeminicidiosestadodemexico.com\/index.php\/justicia-para-fernandita\/\"><img loading=\"lazy\" decoding=\"async\" src=\"https:\/\/reddenunciafeminicidiosestadodemexico.com\/wp-content\/uploads\/2023\/06\/Opera-Captura-de-pantalla_2023-06-28_185514_www.youtube.com_.png\" alt=\"\" class=\"wp-image-282\" width=\"338\" height=\"264\" srcset=\"https:\/\/reddenunciafeminicidiosestadodemexico.com\/wp-content\/uploads\/2023\/06\/Opera-Captura-de-pantalla_2023-06-28_185514_www.youtube.com_.png 621w, https:\/\/reddenunciafeminicidiosestadodemexico.com\/wp-content\/uploads\/2023\/06\/Opera-Captura-de-pantalla_2023-06-28_185514_www.youtube.com_-300x234.png 300w\" sizes=\"auto, (max-width: 338px) 100vw, 338px\" \/><\/a><figcaption class=\"wp-element-caption\">Justicia para Fernandita<\/figcaption><\/figure>\n\n\n\n<figure class=\"wp-block-image size-full is-resized\"><a href=\"https:\/\/reddenunciafeminicidiosestadodemexico.com\/index.php\/justicia-para-briseida\/\"><img loading=\"lazy\" decoding=\"async\" src=\"https:\/\/reddenunciafeminicidiosestadodemexico.com\/wp-content\/uploads\/2023\/06\/Opera-Captura-de-pantalla_2023-06-28_190911_www.youtube.com_.png\" alt=\"\" class=\"wp-image-285\" width=\"340\" height=\"345\" srcset=\"https:\/\/reddenunciafeminicidiosestadodemexico.com\/wp-content\/uploads\/2023\/06\/Opera-Captura-de-pantalla_2023-06-28_190911_www.youtube.com_.png 497w, https:\/\/reddenunciafeminicidiosestadodemexico.com\/wp-content\/uploads\/2023\/06\/Opera-Captura-de-pantalla_2023-06-28_190911_www.youtube.com_-296x300.png 296w\" sizes=\"auto, (max-width: 340px) 100vw, 340px\" \/><\/a><figcaption class=\"wp-element-caption\">Justicia para Briseida <\/figcaption><\/figure>\n<!-- AddThis Advanced Settings generic via filter on the_content --><!-- AddThis Share Buttons generic via filter on the_content -->","protected":false},"excerpt":{"rendered":"<p><!-- AddThis Advanced Settings generic via filter on get_the_excerpt --><!-- AddThis Share Buttons generic via filter on get_the_excerpt --><\/p>\n","protected":false},"author":1,"featured_media":0,"parent":0,"menu_order":0,"comment_status":"closed","ping_status":"closed","template":"","meta":{"footnotes":""},"class_list":["post-249","page","type-page","status-publish","hentry"],"yoast_head":"<!-- This site is optimized with the Yoast SEO plugin v27.0 - https:\/\/yoast.com\/product\/yoast-seo-wordpress\/ -->\n<title>Performance por la justicia y la vida - Red Denuncia Feminicidios Estado de M\u00e9xico<\/title>\n<meta name=\"robots\" content=\"index, follow, max-snippet:-1, max-image-preview:large, max-video-preview:-1\" \/>\n<link rel=\"canonical\" href=\"https:\/\/reddenunciafeminicidiosestadodemexico.com\/index.php\/performance-por-las-ausencias\/\" \/>\n<meta property=\"og:locale\" content=\"es_ES\" \/>\n<meta property=\"og:type\" content=\"article\" \/>\n<meta property=\"og:title\" content=\"Performance por la justicia y la vida - Red Denuncia Feminicidios Estado de M\u00e9xico\" \/>\n<meta property=\"og:url\" content=\"https:\/\/reddenunciafeminicidiosestadodemexico.com\/index.php\/performance-por-las-ausencias\/\" \/>\n<meta property=\"og:site_name\" content=\"Red Denuncia Feminicidios Estado de M\u00e9xico\" \/>\n<meta property=\"article:modified_time\" content=\"2023-06-29T01:16:45+00:00\" \/>\n<meta property=\"og:image\" content=\"https:\/\/reddenunciafeminicidiosestadodemexico.com\/wp-content\/uploads\/2023\/06\/Opera-Captura-de-pantalla_2023-06-21_161021_www.youtube.com_-3.png\" \/>\n<meta name=\"twitter:card\" content=\"summary_large_image\" \/>\n<script type=\"application\/ld+json\" class=\"yoast-schema-graph\">{\"@context\":\"https:\/\/schema.org\",\"@graph\":[{\"@type\":\"WebPage\",\"@id\":\"https:\/\/reddenunciafeminicidiosestadodemexico.com\/index.php\/performance-por-las-ausencias\/\",\"url\":\"https:\/\/reddenunciafeminicidiosestadodemexico.com\/index.php\/performance-por-las-ausencias\/\",\"name\":\"Performance por la justicia y la vida - Red Denuncia Feminicidios Estado de M\u00e9xico\",\"isPartOf\":{\"@id\":\"https:\/\/reddenunciafeminicidiosestadodemexico.com\/#website\"},\"primaryImageOfPage\":{\"@id\":\"https:\/\/reddenunciafeminicidiosestadodemexico.com\/index.php\/performance-por-las-ausencias\/#primaryimage\"},\"image\":{\"@id\":\"https:\/\/reddenunciafeminicidiosestadodemexico.com\/index.php\/performance-por-las-ausencias\/#primaryimage\"},\"thumbnailUrl\":\"https:\/\/reddenunciafeminicidiosestadodemexico.com\/wp-content\/uploads\/2023\/06\/Opera-Captura-de-pantalla_2023-06-21_161021_www.youtube.com_-3.png\",\"datePublished\":\"2023-06-21T22:35:16+00:00\",\"dateModified\":\"2023-06-29T01:16:45+00:00\",\"breadcrumb\":{\"@id\":\"https:\/\/reddenunciafeminicidiosestadodemexico.com\/index.php\/performance-por-las-ausencias\/#breadcrumb\"},\"inLanguage\":\"es\",\"potentialAction\":[{\"@type\":\"ReadAction\",\"target\":[\"https:\/\/reddenunciafeminicidiosestadodemexico.com\/index.php\/performance-por-las-ausencias\/\"]}]},{\"@type\":\"ImageObject\",\"inLanguage\":\"es\",\"@id\":\"https:\/\/reddenunciafeminicidiosestadodemexico.com\/index.php\/performance-por-las-ausencias\/#primaryimage\",\"url\":\"https:\/\/reddenunciafeminicidiosestadodemexico.com\/wp-content\/uploads\/2023\/06\/Opera-Captura-de-pantalla_2023-06-21_161021_www.youtube.com_-3.png\",\"contentUrl\":\"https:\/\/reddenunciafeminicidiosestadodemexico.com\/wp-content\/uploads\/2023\/06\/Opera-Captura-de-pantalla_2023-06-21_161021_www.youtube.com_-3.png\",\"width\":791,\"height\":535},{\"@type\":\"BreadcrumbList\",\"@id\":\"https:\/\/reddenunciafeminicidiosestadodemexico.com\/index.php\/performance-por-las-ausencias\/#breadcrumb\",\"itemListElement\":[{\"@type\":\"ListItem\",\"position\":1,\"name\":\"Portada\",\"item\":\"https:\/\/reddenunciafeminicidiosestadodemexico.com\/\"},{\"@type\":\"ListItem\",\"position\":2,\"name\":\"Performance por la justicia y la vida\"}]},{\"@type\":\"WebSite\",\"@id\":\"https:\/\/reddenunciafeminicidiosestadodemexico.com\/#website\",\"url\":\"https:\/\/reddenunciafeminicidiosestadodemexico.com\/\",\"name\":\"Red Denuncia Feminicidios Estado de M\u00e9xico\",\"description\":\"\",\"potentialAction\":[{\"@type\":\"SearchAction\",\"target\":{\"@type\":\"EntryPoint\",\"urlTemplate\":\"https:\/\/reddenunciafeminicidiosestadodemexico.com\/?s={search_term_string}\"},\"query-input\":{\"@type\":\"PropertyValueSpecification\",\"valueRequired\":true,\"valueName\":\"search_term_string\"}}],\"inLanguage\":\"es\"}]}<\/script>\n<!-- \/ Yoast SEO plugin. -->","yoast_head_json":{"title":"Performance por la justicia y la vida - Red Denuncia Feminicidios Estado de M\u00e9xico","robots":{"index":"index","follow":"follow","max-snippet":"max-snippet:-1","max-image-preview":"max-image-preview:large","max-video-preview":"max-video-preview:-1"},"canonical":"https:\/\/reddenunciafeminicidiosestadodemexico.com\/index.php\/performance-por-las-ausencias\/","og_locale":"es_ES","og_type":"article","og_title":"Performance por la justicia y la vida - Red Denuncia Feminicidios Estado de M\u00e9xico","og_url":"https:\/\/reddenunciafeminicidiosestadodemexico.com\/index.php\/performance-por-las-ausencias\/","og_site_name":"Red Denuncia Feminicidios Estado de M\u00e9xico","article_modified_time":"2023-06-29T01:16:45+00:00","og_image":[{"url":"https:\/\/reddenunciafeminicidiosestadodemexico.com\/wp-content\/uploads\/2023\/06\/Opera-Captura-de-pantalla_2023-06-21_161021_www.youtube.com_-3.png","type":"","width":"","height":""}],"twitter_card":"summary_large_image","schema":{"@context":"https:\/\/schema.org","@graph":[{"@type":"WebPage","@id":"https:\/\/reddenunciafeminicidiosestadodemexico.com\/index.php\/performance-por-las-ausencias\/","url":"https:\/\/reddenunciafeminicidiosestadodemexico.com\/index.php\/performance-por-las-ausencias\/","name":"Performance por la justicia y la vida - Red Denuncia Feminicidios Estado de M\u00e9xico","isPartOf":{"@id":"https:\/\/reddenunciafeminicidiosestadodemexico.com\/#website"},"primaryImageOfPage":{"@id":"https:\/\/reddenunciafeminicidiosestadodemexico.com\/index.php\/performance-por-las-ausencias\/#primaryimage"},"image":{"@id":"https:\/\/reddenunciafeminicidiosestadodemexico.com\/index.php\/performance-por-las-ausencias\/#primaryimage"},"thumbnailUrl":"https:\/\/reddenunciafeminicidiosestadodemexico.com\/wp-content\/uploads\/2023\/06\/Opera-Captura-de-pantalla_2023-06-21_161021_www.youtube.com_-3.png","datePublished":"2023-06-21T22:35:16+00:00","dateModified":"2023-06-29T01:16:45+00:00","breadcrumb":{"@id":"https:\/\/reddenunciafeminicidiosestadodemexico.com\/index.php\/performance-por-las-ausencias\/#breadcrumb"},"inLanguage":"es","potentialAction":[{"@type":"ReadAction","target":["https:\/\/reddenunciafeminicidiosestadodemexico.com\/index.php\/performance-por-las-ausencias\/"]}]},{"@type":"ImageObject","inLanguage":"es","@id":"https:\/\/reddenunciafeminicidiosestadodemexico.com\/index.php\/performance-por-las-ausencias\/#primaryimage","url":"https:\/\/reddenunciafeminicidiosestadodemexico.com\/wp-content\/uploads\/2023\/06\/Opera-Captura-de-pantalla_2023-06-21_161021_www.youtube.com_-3.png","contentUrl":"https:\/\/reddenunciafeminicidiosestadodemexico.com\/wp-content\/uploads\/2023\/06\/Opera-Captura-de-pantalla_2023-06-21_161021_www.youtube.com_-3.png","width":791,"height":535},{"@type":"BreadcrumbList","@id":"https:\/\/reddenunciafeminicidiosestadodemexico.com\/index.php\/performance-por-las-ausencias\/#breadcrumb","itemListElement":[{"@type":"ListItem","position":1,"name":"Portada","item":"https:\/\/reddenunciafeminicidiosestadodemexico.com\/"},{"@type":"ListItem","position":2,"name":"Performance por la justicia y la vida"}]},{"@type":"WebSite","@id":"https:\/\/reddenunciafeminicidiosestadodemexico.com\/#website","url":"https:\/\/reddenunciafeminicidiosestadodemexico.com\/","name":"Red Denuncia Feminicidios Estado de M\u00e9xico","description":"","potentialAction":[{"@type":"SearchAction","target":{"@type":"EntryPoint","urlTemplate":"https:\/\/reddenunciafeminicidiosestadodemexico.com\/?s={search_term_string}"},"query-input":{"@type":"PropertyValueSpecification","valueRequired":true,"valueName":"search_term_string"}}],"inLanguage":"es"}]}},"_links":{"self":[{"href":"https:\/\/reddenunciafeminicidiosestadodemexico.com\/index.php\/wp-json\/wp\/v2\/pages\/249","targetHints":{"allow":["GET"]}}],"collection":[{"href":"https:\/\/reddenunciafeminicidiosestadodemexico.com\/index.php\/wp-json\/wp\/v2\/pages"}],"about":[{"href":"https:\/\/reddenunciafeminicidiosestadodemexico.com\/index.php\/wp-json\/wp\/v2\/types\/page"}],"author":[{"embeddable":true,"href":"https:\/\/reddenunciafeminicidiosestadodemexico.com\/index.php\/wp-json\/wp\/v2\/users\/1"}],"replies":[{"embeddable":true,"href":"https:\/\/reddenunciafeminicidiosestadodemexico.com\/index.php\/wp-json\/wp\/v2\/comments?post=249"}],"version-history":[{"count":11,"href":"https:\/\/reddenunciafeminicidiosestadodemexico.com\/index.php\/wp-json\/wp\/v2\/pages\/249\/revisions"}],"predecessor-version":[{"id":294,"href":"https:\/\/reddenunciafeminicidiosestadodemexico.com\/index.php\/wp-json\/wp\/v2\/pages\/249\/revisions\/294"}],"wp:attachment":[{"href":"https:\/\/reddenunciafeminicidiosestadodemexico.com\/index.php\/wp-json\/wp\/v2\/media?parent=249"}],"curies":[{"name":"wp","href":"https:\/\/api.w.org\/{rel}","templated":true}]}}