{"id":290,"date":"2023-06-29T01:15:33","date_gmt":"2023-06-29T01:15:33","guid":{"rendered":"https:\/\/reddenunciafeminicidiosestadodemexico.com\/?page_id=290"},"modified":"2023-06-29T01:15:33","modified_gmt":"2023-06-29T01:15:33","slug":"justicia-para-briseida","status":"publish","type":"page","link":"https:\/\/reddenunciafeminicidiosestadodemexico.com\/index.php\/justicia-para-briseida\/","title":{"rendered":"Justicia para Briseida"},"content":{"rendered":"\n<figure class=\"wp-block-embed is-type-video is-provider-youtube wp-block-embed-youtube wp-embed-aspect-16-9 wp-has-aspect-ratio\"><div class=\"wp-block-embed__wrapper\">\n<iframe loading=\"lazy\" title=\"#JusticiaParaBriseida, una Red de #AlasDeLibertad entre madres de v\u00edctimas de feminicidio n Ecatepec\" width=\"500\" height=\"281\" src=\"https:\/\/www.youtube.com\/embed\/cEct9Jty9K4?feature=oembed\" frameborder=\"0\" allow=\"accelerometer; autoplay; clipboard-write; encrypted-media; gyroscope; picture-in-picture; web-share\" referrerpolicy=\"strict-origin-when-cross-origin\" allowfullscreen><\/iframe>\n<\/div><\/figure>\n\n\n\n<p>ALAS DE LIBERTAD, <a href=\"https:\/\/www.youtube.com\/hashtag\/justiciaparabriseida\">#JusticiaParaBriseida<\/a>, a un a\u00f1o de su <a href=\"https:\/\/www.youtube.com\/hashtag\/feminicidio\">#feminicidio<\/a>, en memoria a su vida y su amor a la alegr\u00eda y a la libertad. Caminata, performance pol\u00edtico y recital musical La noche del viernes 9 de noviembre de 2018, Briseida Carre\u00f1o Maya sali\u00f3 a bailar, iba acompa\u00f1ada de quien fuera su pareja sentimental desde hac\u00eda cuatro meses aproximadamente. No regres\u00f3 a su casa, en la colonia Valle de Arag\u00f3n, Tercera secci\u00f3n, en Ecatepec. Su familia report\u00f3 su desaparici\u00f3n e iniciaron su b\u00fasqueda. Encontraron su cuerpo calcinado en el municipio de Chimalhuac\u00e1n, <a href=\"https:\/\/www.youtube.com\/hashtag\/edomex\">#Edomex<\/a>, la hab\u00edan asesinado de un balazo; la golpearon y la torturaron antes. Las investigaciones concluyeron que Jes\u00fas Fernando, su pareja sentimental, la asesin\u00f3, le dispar\u00f3 en la cabeza en los alrededores de un centro de baile de la Avenida Central, en <a href=\"https:\/\/www.youtube.com\/hashtag\/ecatepec\">#Ecatepec<\/a>, despu\u00e9s quiso deshacerse del cuerpo quem\u00e1ndolo y abandon\u00e1ndolo en un bald\u00edo de Chimalhuac\u00e1n; los vecinos reportaron el hallazgo a las autoridades y as\u00ed dieron con ella. A un a\u00f1o de su feminicidio y en el marco del D\u00eda Internacional para Erradicar la Violencia contra las Mujeres, su familia, amigos y vecinos, junto con madres de v\u00edctimas de feminicidio y la Red Denuncia Feminicidio Estado de M\u00e9xico, realizaron una jornada pol\u00edtica y art\u00edstica en memoria a Briseida y en exigencia de <a href=\"https:\/\/www.youtube.com\/hashtag\/justiciaparabriseida\">#JusticiaParaBriseida<\/a> a las autoridades, en la cual se realiz\u00f3 una caminata hasta el \u00faltimo lugar donde fue vista con vida por su familia; as\u00ed como el performance pol\u00edtico <a href=\"https:\/\/www.youtube.com\/hashtag\/alasdelibertad\">#AlasDeLibertad<\/a>, en ese lugar, rememorando las cosas que le gustaban; y finalmente un recital con las canciones que le cantaba a sus hermanas cuando estaba contenta. El 23 de enero de 2020, una juez de los Juzgados Penales de Ecatepec Chiconautla, sentenci\u00f3 a Jes\u00fas Fernando Pineda Morales a 47 a\u00f1os y seis meses de prisi\u00f3n por el feminicidio de Briseida Carre\u00f1o Maya.<\/p>\n<!-- AddThis Advanced Settings generic via filter on the_content --><!-- AddThis Share Buttons generic via filter on the_content -->","protected":false},"excerpt":{"rendered":"<p>ALAS DE LIBERTAD, #JusticiaParaBriseida, a un a\u00f1o de su #feminicidio, en memoria a su vida y su amor a la alegr\u00eda y a la libertad. Caminata, performance pol\u00edtico y recital musical La noche del viernes 9 de noviembre de 2018, Briseida Carre\u00f1o Maya sali\u00f3 a bailar, iba acompa\u00f1ada de quien fuera su pareja sentimental desde [&hellip;]<!-- AddThis Advanced Settings generic via filter on get_the_excerpt --><!-- AddThis Share Buttons generic via filter on get_the_excerpt --><\/p>\n","protected":false},"author":1,"featured_media":0,"parent":0,"menu_order":0,"comment_status":"closed","ping_status":"closed","template":"","meta":{"footnotes":""},"class_list":["post-290","page","type-page","status-publish","hentry"],"yoast_head":"<!-- This site is optimized with the Yoast SEO plugin v27.0 - https:\/\/yoast.com\/product\/yoast-seo-wordpress\/ -->\n<title>Justicia para Briseida - Red Denuncia Feminicidios Estado de M\u00e9xico<\/title>\n<meta name=\"robots\" content=\"index, follow, max-snippet:-1, max-image-preview:large, max-video-preview:-1\" \/>\n<link rel=\"canonical\" href=\"https:\/\/reddenunciafeminicidiosestadodemexico.com\/index.php\/justicia-para-briseida\/\" \/>\n<meta property=\"og:locale\" content=\"es_ES\" \/>\n<meta property=\"og:type\" content=\"article\" \/>\n<meta property=\"og:title\" content=\"Justicia para Briseida - Red Denuncia Feminicidios Estado de M\u00e9xico\" \/>\n<meta property=\"og:description\" content=\"ALAS DE LIBERTAD, #JusticiaParaBriseida, a un a\u00f1o de su #feminicidio, en memoria a su vida y su amor a la alegr\u00eda y a la libertad. Caminata, performance pol\u00edtico y recital musical La noche del viernes 9 de noviembre de 2018, Briseida Carre\u00f1o Maya sali\u00f3 a bailar, iba acompa\u00f1ada de quien fuera su pareja sentimental desde [&hellip;]\" \/>\n<meta property=\"og:url\" content=\"https:\/\/reddenunciafeminicidiosestadodemexico.com\/index.php\/justicia-para-briseida\/\" \/>\n<meta property=\"og:site_name\" content=\"Red Denuncia Feminicidios Estado de M\u00e9xico\" \/>\n<meta name=\"twitter:card\" content=\"summary_large_image\" \/>\n<meta name=\"twitter:label1\" content=\"Tiempo de lectura\" \/>\n\t<meta name=\"twitter:data1\" content=\"2 minutos\" \/>\n<script type=\"application\/ld+json\" class=\"yoast-schema-graph\">{\"@context\":\"https:\/\/schema.org\",\"@graph\":[{\"@type\":\"WebPage\",\"@id\":\"https:\/\/reddenunciafeminicidiosestadodemexico.com\/index.php\/justicia-para-briseida\/\",\"url\":\"https:\/\/reddenunciafeminicidiosestadodemexico.com\/index.php\/justicia-para-briseida\/\",\"name\":\"Justicia para Briseida - Red Denuncia Feminicidios Estado de M\u00e9xico\",\"isPartOf\":{\"@id\":\"https:\/\/reddenunciafeminicidiosestadodemexico.com\/#website\"},\"datePublished\":\"2023-06-29T01:15:33+00:00\",\"breadcrumb\":{\"@id\":\"https:\/\/reddenunciafeminicidiosestadodemexico.com\/index.php\/justicia-para-briseida\/#breadcrumb\"},\"inLanguage\":\"es\",\"potentialAction\":[{\"@type\":\"ReadAction\",\"target\":[\"https:\/\/reddenunciafeminicidiosestadodemexico.com\/index.php\/justicia-para-briseida\/\"]}]},{\"@type\":\"BreadcrumbList\",\"@id\":\"https:\/\/reddenunciafeminicidiosestadodemexico.com\/index.php\/justicia-para-briseida\/#breadcrumb\",\"itemListElement\":[{\"@type\":\"ListItem\",\"position\":1,\"name\":\"Portada\",\"item\":\"https:\/\/reddenunciafeminicidiosestadodemexico.com\/\"},{\"@type\":\"ListItem\",\"position\":2,\"name\":\"Justicia para Briseida\"}]},{\"@type\":\"WebSite\",\"@id\":\"https:\/\/reddenunciafeminicidiosestadodemexico.com\/#website\",\"url\":\"https:\/\/reddenunciafeminicidiosestadodemexico.com\/\",\"name\":\"Red Denuncia Feminicidios Estado de M\u00e9xico\",\"description\":\"\",\"potentialAction\":[{\"@type\":\"SearchAction\",\"target\":{\"@type\":\"EntryPoint\",\"urlTemplate\":\"https:\/\/reddenunciafeminicidiosestadodemexico.com\/?s={search_term_string}\"},\"query-input\":{\"@type\":\"PropertyValueSpecification\",\"valueRequired\":true,\"valueName\":\"search_term_string\"}}],\"inLanguage\":\"es\"}]}<\/script>\n<!-- \/ Yoast SEO plugin. -->","yoast_head_json":{"title":"Justicia para Briseida - Red Denuncia Feminicidios Estado de M\u00e9xico","robots":{"index":"index","follow":"follow","max-snippet":"max-snippet:-1","max-image-preview":"max-image-preview:large","max-video-preview":"max-video-preview:-1"},"canonical":"https:\/\/reddenunciafeminicidiosestadodemexico.com\/index.php\/justicia-para-briseida\/","og_locale":"es_ES","og_type":"article","og_title":"Justicia para Briseida - Red Denuncia Feminicidios Estado de M\u00e9xico","og_description":"ALAS DE LIBERTAD, #JusticiaParaBriseida, a un a\u00f1o de su #feminicidio, en memoria a su vida y su amor a la alegr\u00eda y a la libertad. Caminata, performance pol\u00edtico y recital musical La noche del viernes 9 de noviembre de 2018, Briseida Carre\u00f1o Maya sali\u00f3 a bailar, iba acompa\u00f1ada de quien fuera su pareja sentimental desde [&hellip;]","og_url":"https:\/\/reddenunciafeminicidiosestadodemexico.com\/index.php\/justicia-para-briseida\/","og_site_name":"Red Denuncia Feminicidios Estado de M\u00e9xico","twitter_card":"summary_large_image","twitter_misc":{"Tiempo de lectura":"2 minutos"},"schema":{"@context":"https:\/\/schema.org","@graph":[{"@type":"WebPage","@id":"https:\/\/reddenunciafeminicidiosestadodemexico.com\/index.php\/justicia-para-briseida\/","url":"https:\/\/reddenunciafeminicidiosestadodemexico.com\/index.php\/justicia-para-briseida\/","name":"Justicia para Briseida - Red Denuncia Feminicidios Estado de M\u00e9xico","isPartOf":{"@id":"https:\/\/reddenunciafeminicidiosestadodemexico.com\/#website"},"datePublished":"2023-06-29T01:15:33+00:00","breadcrumb":{"@id":"https:\/\/reddenunciafeminicidiosestadodemexico.com\/index.php\/justicia-para-briseida\/#breadcrumb"},"inLanguage":"es","potentialAction":[{"@type":"ReadAction","target":["https:\/\/reddenunciafeminicidiosestadodemexico.com\/index.php\/justicia-para-briseida\/"]}]},{"@type":"BreadcrumbList","@id":"https:\/\/reddenunciafeminicidiosestadodemexico.com\/index.php\/justicia-para-briseida\/#breadcrumb","itemListElement":[{"@type":"ListItem","position":1,"name":"Portada","item":"https:\/\/reddenunciafeminicidiosestadodemexico.com\/"},{"@type":"ListItem","position":2,"name":"Justicia para Briseida"}]},{"@type":"WebSite","@id":"https:\/\/reddenunciafeminicidiosestadodemexico.com\/#website","url":"https:\/\/reddenunciafeminicidiosestadodemexico.com\/","name":"Red Denuncia Feminicidios Estado de M\u00e9xico","description":"","potentialAction":[{"@type":"SearchAction","target":{"@type":"EntryPoint","urlTemplate":"https:\/\/reddenunciafeminicidiosestadodemexico.com\/?s={search_term_string}"},"query-input":{"@type":"PropertyValueSpecification","valueRequired":true,"valueName":"search_term_string"}}],"inLanguage":"es"}]}},"_links":{"self":[{"href":"https:\/\/reddenunciafeminicidiosestadodemexico.com\/index.php\/wp-json\/wp\/v2\/pages\/290","targetHints":{"allow":["GET"]}}],"collection":[{"href":"https:\/\/reddenunciafeminicidiosestadodemexico.com\/index.php\/wp-json\/wp\/v2\/pages"}],"about":[{"href":"https:\/\/reddenunciafeminicidiosestadodemexico.com\/index.php\/wp-json\/wp\/v2\/types\/page"}],"author":[{"embeddable":true,"href":"https:\/\/reddenunciafeminicidiosestadodemexico.com\/index.php\/wp-json\/wp\/v2\/users\/1"}],"replies":[{"embeddable":true,"href":"https:\/\/reddenunciafeminicidiosestadodemexico.com\/index.php\/wp-json\/wp\/v2\/comments?post=290"}],"version-history":[{"count":1,"href":"https:\/\/reddenunciafeminicidiosestadodemexico.com\/index.php\/wp-json\/wp\/v2\/pages\/290\/revisions"}],"predecessor-version":[{"id":292,"href":"https:\/\/reddenunciafeminicidiosestadodemexico.com\/index.php\/wp-json\/wp\/v2\/pages\/290\/revisions\/292"}],"wp:attachment":[{"href":"https:\/\/reddenunciafeminicidiosestadodemexico.com\/index.php\/wp-json\/wp\/v2\/media?parent=290"}],"curies":[{"name":"wp","href":"https:\/\/api.w.org\/{rel}","templated":true}]}}