{"id":399,"date":"2023-07-11T00:00:57","date_gmt":"2023-07-11T00:00:57","guid":{"rendered":"https:\/\/reddenunciafeminicidiosestadodemexico.com\/?page_id=399"},"modified":"2023-07-11T00:00:57","modified_gmt":"2023-07-11T00:00:57","slug":"feminicidios-la-pandemia-que-no-acaba","status":"publish","type":"page","link":"https:\/\/reddenunciafeminicidiosestadodemexico.com\/index.php\/feminicidios-la-pandemia-que-no-acaba\/","title":{"rendered":"Feminicidios, la pandemia que no acaba."},"content":{"rendered":"\n<figure class=\"wp-block-embed is-type-video is-provider-youtube wp-block-embed-youtube wp-embed-aspect-4-3 wp-has-aspect-ratio\"><div class=\"wp-block-embed__wrapper\">\n<iframe loading=\"lazy\" title=\"FEMINICIDIOS, LA PANDEMIA QUE NO ACABA, Performance pol\u00edtico en Edomex\" width=\"500\" height=\"375\" src=\"https:\/\/www.youtube.com\/embed\/XMJLmLgJiDc?start=14&#038;feature=oembed\" frameborder=\"0\" allow=\"accelerometer; autoplay; clipboard-write; encrypted-media; gyroscope; picture-in-picture; web-share\" referrerpolicy=\"strict-origin-when-cross-origin\" allowfullscreen><\/iframe>\n<\/div><figcaption class=\"wp-element-caption\">FEMINICIDIOS, LA PANDEMIA QUE NO ACABA, VOCES POR LA VIDA, LA MEMORIA Y LA JUSTICIA; performance pol\u00edtico durante el encierro provocado por la pandemia del Covid-19 en el Estado de M\u00e9xico. En M\u00e9xico son asesinadas por razones de g\u00e9nero al menos 10 mujeres cada d\u00eda. Durante el encierro provocado por la pandemia del Covid-19 en el mundo, las mujeres se han vuelto m\u00e1s vulnerables en sus hogares al ser obligadas a permanecer en el mismo techo que su agresor, pues son con regularidad las parejas sentimentales o los familiares, los principales violentadores. En estos tiempos las mujeres viven obligadas a protegerse de una DOBLE PANDEMIA, pues los FEMINICIDIOS son esa pandemia social que no termina. Son esa pandemia social que al Estado no le importa erradicar. En M\u00e9xico, tan solo en el mes de junio de 2020 se recibieron 61,945 llamadas al 911 por violencia familiar y se registraron 94 feminicidios en el pa\u00eds. Durante julio se registraron 19,596 casos de violencia familiar y 73 feminicidios. En esta PANDEMIA FEMINICIDA en el Estado de M\u00e9xico se han registrado al menos 90 feminicidios. Sin embargo, las autoridades REPRIMEN VIOLENTAMENTE en todo el pa\u00eds las manifestaciones de mujeres que denuncian la violencia de g\u00e9nero y los feminicidios. En el marco del D\u00eda Internacional de la Erradicaci\u00f3n de la Violencia contra la Mujer, la Red Denuncia Feminicidios Estado de M\u00e9xico, junto con las compa\u00f1eras de Mujeres de la Periferia para la Periferia realizamos el performance virtual v\u00eda zoom FEMINICIDIOS, LA PANDEMIA QUE NO ACABA, VOCES POR LA VIDA, LA MEMORIA Y LA JUSTICIA; para visibilizar la PANDEMIA FEMINICIDA y denunciar la misoginia, la inacci\u00f3n e inoperancia de las autoridades. \u00a1El Estado es un macho violador! \u00a1Nos queremos vivas y sin miedo! <a href=\"https:\/\/www.youtube.com\/hashtag\/justiciaparatodas\">#JusticiaParaTodas<\/a> <a href=\"https:\/\/www.youtube.com\/hashtag\/doblepandemiaparalasmujeres\">#DoblePandemiaParaLasMujeres<\/a> <a href=\"https:\/\/www.youtube.com\/hashtag\/pandemiafeminicida\">#PandemiaFeminicida<\/a> <a href=\"https:\/\/www.youtube.com\/hashtag\/feminicidios\">#Feminicidios<\/a> <a href=\"https:\/\/www.youtube.com\/hashtag\/edomex\">#Edomex<\/a> <a href=\"https:\/\/www.youtube.com\/hashtag\/25n\">#25N<\/a><\/figcaption><\/figure>\n<!-- AddThis Advanced Settings generic via filter on the_content --><!-- AddThis Share Buttons generic via filter on the_content -->","protected":false},"excerpt":{"rendered":"<p><!-- AddThis Advanced Settings generic via filter on get_the_excerpt --><!-- AddThis Share Buttons generic via filter on get_the_excerpt --><\/p>\n","protected":false},"author":1,"featured_media":0,"parent":0,"menu_order":0,"comment_status":"closed","ping_status":"closed","template":"","meta":{"footnotes":""},"class_list":["post-399","page","type-page","status-publish","hentry"],"yoast_head":"<!-- This site is optimized with the Yoast SEO plugin v27.0 - https:\/\/yoast.com\/product\/yoast-seo-wordpress\/ -->\n<title>Feminicidios, la pandemia que no acaba. - Red Denuncia Feminicidios Estado de M\u00e9xico<\/title>\n<meta name=\"robots\" content=\"index, follow, max-snippet:-1, max-image-preview:large, max-video-preview:-1\" \/>\n<link rel=\"canonical\" href=\"https:\/\/reddenunciafeminicidiosestadodemexico.com\/index.php\/feminicidios-la-pandemia-que-no-acaba\/\" \/>\n<meta property=\"og:locale\" content=\"es_ES\" \/>\n<meta property=\"og:type\" content=\"article\" \/>\n<meta property=\"og:title\" content=\"Feminicidios, la pandemia que no acaba. - Red Denuncia Feminicidios Estado de M\u00e9xico\" \/>\n<meta property=\"og:url\" content=\"https:\/\/reddenunciafeminicidiosestadodemexico.com\/index.php\/feminicidios-la-pandemia-que-no-acaba\/\" \/>\n<meta property=\"og:site_name\" content=\"Red Denuncia Feminicidios Estado de M\u00e9xico\" \/>\n<meta name=\"twitter:card\" content=\"summary_large_image\" \/>\n<meta name=\"twitter:label1\" content=\"Tiempo de lectura\" \/>\n\t<meta name=\"twitter:data1\" content=\"2 minutos\" \/>\n<script type=\"application\/ld+json\" class=\"yoast-schema-graph\">{\"@context\":\"https:\/\/schema.org\",\"@graph\":[{\"@type\":\"WebPage\",\"@id\":\"https:\/\/reddenunciafeminicidiosestadodemexico.com\/index.php\/feminicidios-la-pandemia-que-no-acaba\/\",\"url\":\"https:\/\/reddenunciafeminicidiosestadodemexico.com\/index.php\/feminicidios-la-pandemia-que-no-acaba\/\",\"name\":\"Feminicidios, la pandemia que no acaba. - Red Denuncia Feminicidios Estado de M\u00e9xico\",\"isPartOf\":{\"@id\":\"https:\/\/reddenunciafeminicidiosestadodemexico.com\/#website\"},\"datePublished\":\"2023-07-11T00:00:57+00:00\",\"breadcrumb\":{\"@id\":\"https:\/\/reddenunciafeminicidiosestadodemexico.com\/index.php\/feminicidios-la-pandemia-que-no-acaba\/#breadcrumb\"},\"inLanguage\":\"es\",\"potentialAction\":[{\"@type\":\"ReadAction\",\"target\":[\"https:\/\/reddenunciafeminicidiosestadodemexico.com\/index.php\/feminicidios-la-pandemia-que-no-acaba\/\"]}]},{\"@type\":\"BreadcrumbList\",\"@id\":\"https:\/\/reddenunciafeminicidiosestadodemexico.com\/index.php\/feminicidios-la-pandemia-que-no-acaba\/#breadcrumb\",\"itemListElement\":[{\"@type\":\"ListItem\",\"position\":1,\"name\":\"Portada\",\"item\":\"https:\/\/reddenunciafeminicidiosestadodemexico.com\/\"},{\"@type\":\"ListItem\",\"position\":2,\"name\":\"Feminicidios, la pandemia que no acaba.\"}]},{\"@type\":\"WebSite\",\"@id\":\"https:\/\/reddenunciafeminicidiosestadodemexico.com\/#website\",\"url\":\"https:\/\/reddenunciafeminicidiosestadodemexico.com\/\",\"name\":\"Red Denuncia Feminicidios Estado de M\u00e9xico\",\"description\":\"\",\"potentialAction\":[{\"@type\":\"SearchAction\",\"target\":{\"@type\":\"EntryPoint\",\"urlTemplate\":\"https:\/\/reddenunciafeminicidiosestadodemexico.com\/?s={search_term_string}\"},\"query-input\":{\"@type\":\"PropertyValueSpecification\",\"valueRequired\":true,\"valueName\":\"search_term_string\"}}],\"inLanguage\":\"es\"}]}<\/script>\n<!-- \/ Yoast SEO plugin. -->","yoast_head_json":{"title":"Feminicidios, la pandemia que no acaba. - Red Denuncia Feminicidios Estado de M\u00e9xico","robots":{"index":"index","follow":"follow","max-snippet":"max-snippet:-1","max-image-preview":"max-image-preview:large","max-video-preview":"max-video-preview:-1"},"canonical":"https:\/\/reddenunciafeminicidiosestadodemexico.com\/index.php\/feminicidios-la-pandemia-que-no-acaba\/","og_locale":"es_ES","og_type":"article","og_title":"Feminicidios, la pandemia que no acaba. - Red Denuncia Feminicidios Estado de M\u00e9xico","og_url":"https:\/\/reddenunciafeminicidiosestadodemexico.com\/index.php\/feminicidios-la-pandemia-que-no-acaba\/","og_site_name":"Red Denuncia Feminicidios Estado de M\u00e9xico","twitter_card":"summary_large_image","twitter_misc":{"Tiempo de lectura":"2 minutos"},"schema":{"@context":"https:\/\/schema.org","@graph":[{"@type":"WebPage","@id":"https:\/\/reddenunciafeminicidiosestadodemexico.com\/index.php\/feminicidios-la-pandemia-que-no-acaba\/","url":"https:\/\/reddenunciafeminicidiosestadodemexico.com\/index.php\/feminicidios-la-pandemia-que-no-acaba\/","name":"Feminicidios, la pandemia que no acaba. - Red Denuncia Feminicidios Estado de M\u00e9xico","isPartOf":{"@id":"https:\/\/reddenunciafeminicidiosestadodemexico.com\/#website"},"datePublished":"2023-07-11T00:00:57+00:00","breadcrumb":{"@id":"https:\/\/reddenunciafeminicidiosestadodemexico.com\/index.php\/feminicidios-la-pandemia-que-no-acaba\/#breadcrumb"},"inLanguage":"es","potentialAction":[{"@type":"ReadAction","target":["https:\/\/reddenunciafeminicidiosestadodemexico.com\/index.php\/feminicidios-la-pandemia-que-no-acaba\/"]}]},{"@type":"BreadcrumbList","@id":"https:\/\/reddenunciafeminicidiosestadodemexico.com\/index.php\/feminicidios-la-pandemia-que-no-acaba\/#breadcrumb","itemListElement":[{"@type":"ListItem","position":1,"name":"Portada","item":"https:\/\/reddenunciafeminicidiosestadodemexico.com\/"},{"@type":"ListItem","position":2,"name":"Feminicidios, la pandemia que no acaba."}]},{"@type":"WebSite","@id":"https:\/\/reddenunciafeminicidiosestadodemexico.com\/#website","url":"https:\/\/reddenunciafeminicidiosestadodemexico.com\/","name":"Red Denuncia Feminicidios Estado de M\u00e9xico","description":"","potentialAction":[{"@type":"SearchAction","target":{"@type":"EntryPoint","urlTemplate":"https:\/\/reddenunciafeminicidiosestadodemexico.com\/?s={search_term_string}"},"query-input":{"@type":"PropertyValueSpecification","valueRequired":true,"valueName":"search_term_string"}}],"inLanguage":"es"}]}},"_links":{"self":[{"href":"https:\/\/reddenunciafeminicidiosestadodemexico.com\/index.php\/wp-json\/wp\/v2\/pages\/399","targetHints":{"allow":["GET"]}}],"collection":[{"href":"https:\/\/reddenunciafeminicidiosestadodemexico.com\/index.php\/wp-json\/wp\/v2\/pages"}],"about":[{"href":"https:\/\/reddenunciafeminicidiosestadodemexico.com\/index.php\/wp-json\/wp\/v2\/types\/page"}],"author":[{"embeddable":true,"href":"https:\/\/reddenunciafeminicidiosestadodemexico.com\/index.php\/wp-json\/wp\/v2\/users\/1"}],"replies":[{"embeddable":true,"href":"https:\/\/reddenunciafeminicidiosestadodemexico.com\/index.php\/wp-json\/wp\/v2\/comments?post=399"}],"version-history":[{"count":1,"href":"https:\/\/reddenunciafeminicidiosestadodemexico.com\/index.php\/wp-json\/wp\/v2\/pages\/399\/revisions"}],"predecessor-version":[{"id":401,"href":"https:\/\/reddenunciafeminicidiosestadodemexico.com\/index.php\/wp-json\/wp\/v2\/pages\/399\/revisions\/401"}],"wp:attachment":[{"href":"https:\/\/reddenunciafeminicidiosestadodemexico.com\/index.php\/wp-json\/wp\/v2\/media?parent=399"}],"curies":[{"name":"wp","href":"https:\/\/api.w.org\/{rel}","templated":true}]}}