{"id":46,"date":"2022-07-09T00:56:35","date_gmt":"2022-07-09T00:56:35","guid":{"rendered":"https:\/\/reddenunciafeminicidiosestadodemexico.com\/?page_id=46"},"modified":"2023-11-25T02:05:39","modified_gmt":"2023-11-25T02:05:39","slug":"videos","status":"publish","type":"page","link":"https:\/\/reddenunciafeminicidiosestadodemexico.com\/index.php\/videos\/","title":{"rendered":"Imaginando la memoria"},"content":{"rendered":"<h2>Documentales<\/h2>\n\n\n<figure class=\"wp-block-image size-full is-resized\"><a href=\"https:\/\/reddenunciafeminicidiosestadodemexico.com\/index.php\/documentales\/\"><img loading=\"lazy\" decoding=\"async\" width=\"673\" height=\"469\" src=\"https:\/\/reddenunciafeminicidiosestadodemexico.com\/wp-content\/uploads\/2023\/07\/Opera-Captura-de-pantalla_2023-07-11_204613_www.youtube.com_.png\" alt=\"\" class=\"wp-image-437\" style=\"width:270px;height:187px\" srcset=\"https:\/\/reddenunciafeminicidiosestadodemexico.com\/wp-content\/uploads\/2023\/07\/Opera-Captura-de-pantalla_2023-07-11_204613_www.youtube.com_.png 673w, https:\/\/reddenunciafeminicidiosestadodemexico.com\/wp-content\/uploads\/2023\/07\/Opera-Captura-de-pantalla_2023-07-11_204613_www.youtube.com_-300x209.png 300w\" sizes=\"auto, (max-width: 673px) 100vw, 673px\" \/><\/a><\/figure>\n\n\n\n<h2 class=\"wp-block-heading\">Noticias<\/h2>\n\n\n\n<figure class=\"wp-block-image size-full is-resized\"><a href=\"https:\/\/reddenunciafeminicidiosestadodemexico.com\/index.php\/noticias\/\"><img loading=\"lazy\" decoding=\"async\" width=\"745\" height=\"552\" src=\"https:\/\/reddenunciafeminicidiosestadodemexico.com\/wp-content\/uploads\/2023\/06\/Opera-Captura-de-pantalla_2023-06-01_180726_www.youtube.com1_.png\" alt=\"\" class=\"wp-image-192\" style=\"width:264px;height:195px\" srcset=\"https:\/\/reddenunciafeminicidiosestadodemexico.com\/wp-content\/uploads\/2023\/06\/Opera-Captura-de-pantalla_2023-06-01_180726_www.youtube.com1_.png 745w, https:\/\/reddenunciafeminicidiosestadodemexico.com\/wp-content\/uploads\/2023\/06\/Opera-Captura-de-pantalla_2023-06-01_180726_www.youtube.com1_-300x222.png 300w\" sizes=\"auto, (max-width: 745px) 100vw, 745px\" \/><\/a><\/figure>\n\n\n\n<h2 class=\"wp-block-heading\">Academia<\/h2>\n\n\n\n<figure class=\"wp-block-image size-full is-resized\"><a href=\"https:\/\/reddenunciafeminicidiosestadodemexico.com\/index.php\/academia\/\"><img loading=\"lazy\" decoding=\"async\" width=\"771\" height=\"535\" src=\"https:\/\/reddenunciafeminicidiosestadodemexico.com\/wp-content\/uploads\/2023\/06\/Opera-Captura-de-pantalla_2023-06-21_151517_www.youtube.comm_-1.png\" alt=\"\" class=\"wp-image-228\" style=\"width:274px;height:191px\" srcset=\"https:\/\/reddenunciafeminicidiosestadodemexico.com\/wp-content\/uploads\/2023\/06\/Opera-Captura-de-pantalla_2023-06-21_151517_www.youtube.comm_-1.png 771w, https:\/\/reddenunciafeminicidiosestadodemexico.com\/wp-content\/uploads\/2023\/06\/Opera-Captura-de-pantalla_2023-06-21_151517_www.youtube.comm_-1-300x208.png 300w, https:\/\/reddenunciafeminicidiosestadodemexico.com\/wp-content\/uploads\/2023\/06\/Opera-Captura-de-pantalla_2023-06-21_151517_www.youtube.comm_-1-768x533.png 768w\" sizes=\"auto, (max-width: 771px) 100vw, 771px\" \/><\/a><\/figure>\n\n\n\n<h2 class=\"wp-block-heading\">Performance por la justicia y la vida<\/h2>\n\n\n\n<figure class=\"wp-block-image size-full is-resized\"><a href=\"https:\/\/reddenunciafeminicidiosestadodemexico.com\/index.php\/performance-por-las-ausencias\/\"><img loading=\"lazy\" decoding=\"async\" width=\"791\" height=\"535\" src=\"https:\/\/reddenunciafeminicidiosestadodemexico.com\/wp-content\/uploads\/2023\/06\/Opera-Captura-de-pantalla_2023-06-21_161021_www.youtube.com_-2.png\" alt=\"\" class=\"wp-image-247\" style=\"width:278px;height:187px\" srcset=\"https:\/\/reddenunciafeminicidiosestadodemexico.com\/wp-content\/uploads\/2023\/06\/Opera-Captura-de-pantalla_2023-06-21_161021_www.youtube.com_-2.png 791w, https:\/\/reddenunciafeminicidiosestadodemexico.com\/wp-content\/uploads\/2023\/06\/Opera-Captura-de-pantalla_2023-06-21_161021_www.youtube.com_-2-300x203.png 300w, https:\/\/reddenunciafeminicidiosestadodemexico.com\/wp-content\/uploads\/2023\/06\/Opera-Captura-de-pantalla_2023-06-21_161021_www.youtube.com_-2-768x519.png 768w\" sizes=\"auto, (max-width: 791px) 100vw, 791px\" \/><\/a><\/figure>\n\n\n\n<h2 class=\"wp-block-heading\">Performance pol\u00edtico por la justicia y la vida<\/h2>\n\n\n\n<figure class=\"wp-block-image size-full is-resized\"><a href=\"https:\/\/reddenunciafeminicidiosestadodemexico.com\/index.php\/performance-politico-por-la-justicia-y-la-vida\/\"><img loading=\"lazy\" decoding=\"async\" width=\"673\" height=\"536\" src=\"https:\/\/reddenunciafeminicidiosestadodemexico.com\/wp-content\/uploads\/2023\/07\/Opera-Captura-de-pantalla_2023-07-06_202256_www.youtube.com_-1.png\" alt=\"\" class=\"wp-image-373\" style=\"width:289px;height:229px\" srcset=\"https:\/\/reddenunciafeminicidiosestadodemexico.com\/wp-content\/uploads\/2023\/07\/Opera-Captura-de-pantalla_2023-07-06_202256_www.youtube.com_-1.png 673w, https:\/\/reddenunciafeminicidiosestadodemexico.com\/wp-content\/uploads\/2023\/07\/Opera-Captura-de-pantalla_2023-07-06_202256_www.youtube.com_-1-300x239.png 300w\" sizes=\"auto, (max-width: 673px) 100vw, 673px\" \/><\/a><\/figure>\n\n\n\n<h2 class=\"wp-block-heading\">Sobrevivientes<\/h2>\n\n\n\n<figure class=\"wp-block-image size-full is-resized\"><a href=\"https:\/\/reddenunciafeminicidiosestadodemexico.com\/index.php\/testimonios-ponencias-y-denuncias\/\"><img loading=\"lazy\" decoding=\"async\" width=\"620\" height=\"539\" src=\"https:\/\/reddenunciafeminicidiosestadodemexico.com\/wp-content\/uploads\/2023\/07\/Opera-Captura-de-pantalla_2023-07-12_160118_www.youtube.com_.png\" alt=\"\" class=\"wp-image-466\" style=\"width:293px;height:255px\" srcset=\"https:\/\/reddenunciafeminicidiosestadodemexico.com\/wp-content\/uploads\/2023\/07\/Opera-Captura-de-pantalla_2023-07-12_160118_www.youtube.com_.png 620w, https:\/\/reddenunciafeminicidiosestadodemexico.com\/wp-content\/uploads\/2023\/07\/Opera-Captura-de-pantalla_2023-07-12_160118_www.youtube.com_-300x261.png 300w\" sizes=\"auto, (max-width: 620px) 100vw, 620px\" \/><\/a><\/figure>\n\n\n\n<h2 class=\"wp-block-heading\">Madres y familias ense\u00f1ando justicia<\/h2>\n\n\n\n<figure class=\"wp-block-image size-full is-resized\"><a href=\"https:\/\/reddenunciafeminicidiosestadodemexico.com\/index.php\/madres-que-buscan-la-justicia\/\"><img loading=\"lazy\" decoding=\"async\" width=\"976\" height=\"659\" src=\"https:\/\/reddenunciafeminicidiosestadodemexico.com\/wp-content\/uploads\/2023\/07\/89730861_irineamotherofmariana.jpg\" alt=\"\" class=\"wp-image-524\" style=\"width:297px;height:200px\" srcset=\"https:\/\/reddenunciafeminicidiosestadodemexico.com\/wp-content\/uploads\/2023\/07\/89730861_irineamotherofmariana.jpg 976w, https:\/\/reddenunciafeminicidiosestadodemexico.com\/wp-content\/uploads\/2023\/07\/89730861_irineamotherofmariana-300x203.jpg 300w, https:\/\/reddenunciafeminicidiosestadodemexico.com\/wp-content\/uploads\/2023\/07\/89730861_irineamotherofmariana-768x519.jpg 768w\" sizes=\"auto, (max-width: 976px) 100vw, 976px\" \/><\/a><\/figure>\n<!-- AddThis Advanced Settings generic via filter on the_content --><!-- AddThis Share Buttons generic via filter on the_content -->","protected":false},"excerpt":{"rendered":"<p>Documentales Noticias Academia Performance por la justicia y la vida Performance pol\u00edtico por la justicia y la vida Sobrevivientes Madres y familias ense\u00f1ando justicia<!-- AddThis Advanced Settings generic via filter on get_the_excerpt --><!-- AddThis Share Buttons generic via filter on get_the_excerpt --><\/p>\n","protected":false},"author":1,"featured_media":0,"parent":0,"menu_order":0,"comment_status":"closed","ping_status":"closed","template":"","meta":{"footnotes":""},"class_list":["post-46","page","type-page","status-publish","hentry"],"yoast_head":"<!-- This site is optimized with the Yoast SEO plugin v27.0 - https:\/\/yoast.com\/product\/yoast-seo-wordpress\/ -->\n<title>Imaginando la memoria - Red Denuncia Feminicidios Estado de M\u00e9xico<\/title>\n<meta name=\"robots\" content=\"index, follow, max-snippet:-1, max-image-preview:large, max-video-preview:-1\" \/>\n<link rel=\"canonical\" href=\"https:\/\/reddenunciafeminicidiosestadodemexico.com\/index.php\/videos\/\" \/>\n<meta property=\"og:locale\" content=\"es_ES\" \/>\n<meta property=\"og:type\" content=\"article\" \/>\n<meta property=\"og:title\" content=\"Imaginando la memoria - Red Denuncia Feminicidios Estado de M\u00e9xico\" \/>\n<meta property=\"og:description\" content=\"Documentales Noticias Academia Performance por la justicia y la vida Performance pol\u00edtico por la justicia y la vida Sobrevivientes Madres y familias ense\u00f1ando justicia\" \/>\n<meta property=\"og:url\" content=\"https:\/\/reddenunciafeminicidiosestadodemexico.com\/index.php\/videos\/\" \/>\n<meta property=\"og:site_name\" content=\"Red Denuncia Feminicidios Estado de M\u00e9xico\" \/>\n<meta property=\"article:modified_time\" content=\"2023-11-25T02:05:39+00:00\" \/>\n<meta property=\"og:image\" content=\"https:\/\/reddenunciafeminicidiosestadodemexico.com\/wp-content\/uploads\/2023\/07\/Opera-Captura-de-pantalla_2023-07-11_204613_www.youtube.com_.png\" \/>\n<meta name=\"twitter:card\" content=\"summary_large_image\" \/>\n<meta name=\"twitter:label1\" content=\"Tiempo de lectura\" \/>\n\t<meta name=\"twitter:data1\" content=\"1 minuto\" \/>\n<script type=\"application\/ld+json\" class=\"yoast-schema-graph\">{\"@context\":\"https:\/\/schema.org\",\"@graph\":[{\"@type\":\"WebPage\",\"@id\":\"https:\/\/reddenunciafeminicidiosestadodemexico.com\/index.php\/videos\/\",\"url\":\"https:\/\/reddenunciafeminicidiosestadodemexico.com\/index.php\/videos\/\",\"name\":\"Imaginando la memoria - Red Denuncia Feminicidios Estado de M\u00e9xico\",\"isPartOf\":{\"@id\":\"https:\/\/reddenunciafeminicidiosestadodemexico.com\/#website\"},\"primaryImageOfPage\":{\"@id\":\"https:\/\/reddenunciafeminicidiosestadodemexico.com\/index.php\/videos\/#primaryimage\"},\"image\":{\"@id\":\"https:\/\/reddenunciafeminicidiosestadodemexico.com\/index.php\/videos\/#primaryimage\"},\"thumbnailUrl\":\"https:\/\/reddenunciafeminicidiosestadodemexico.com\/wp-content\/uploads\/2023\/07\/Opera-Captura-de-pantalla_2023-07-11_204613_www.youtube.com_.png\",\"datePublished\":\"2022-07-09T00:56:35+00:00\",\"dateModified\":\"2023-11-25T02:05:39+00:00\",\"breadcrumb\":{\"@id\":\"https:\/\/reddenunciafeminicidiosestadodemexico.com\/index.php\/videos\/#breadcrumb\"},\"inLanguage\":\"es\",\"potentialAction\":[{\"@type\":\"ReadAction\",\"target\":[\"https:\/\/reddenunciafeminicidiosestadodemexico.com\/index.php\/videos\/\"]}]},{\"@type\":\"ImageObject\",\"inLanguage\":\"es\",\"@id\":\"https:\/\/reddenunciafeminicidiosestadodemexico.com\/index.php\/videos\/#primaryimage\",\"url\":\"https:\/\/reddenunciafeminicidiosestadodemexico.com\/wp-content\/uploads\/2023\/07\/Opera-Captura-de-pantalla_2023-07-11_204613_www.youtube.com_.png\",\"contentUrl\":\"https:\/\/reddenunciafeminicidiosestadodemexico.com\/wp-content\/uploads\/2023\/07\/Opera-Captura-de-pantalla_2023-07-11_204613_www.youtube.com_.png\",\"width\":673,\"height\":469},{\"@type\":\"BreadcrumbList\",\"@id\":\"https:\/\/reddenunciafeminicidiosestadodemexico.com\/index.php\/videos\/#breadcrumb\",\"itemListElement\":[{\"@type\":\"ListItem\",\"position\":1,\"name\":\"Portada\",\"item\":\"https:\/\/reddenunciafeminicidiosestadodemexico.com\/\"},{\"@type\":\"ListItem\",\"position\":2,\"name\":\"Imaginando la memoria\"}]},{\"@type\":\"WebSite\",\"@id\":\"https:\/\/reddenunciafeminicidiosestadodemexico.com\/#website\",\"url\":\"https:\/\/reddenunciafeminicidiosestadodemexico.com\/\",\"name\":\"Red Denuncia Feminicidios Estado de M\u00e9xico\",\"description\":\"\",\"potentialAction\":[{\"@type\":\"SearchAction\",\"target\":{\"@type\":\"EntryPoint\",\"urlTemplate\":\"https:\/\/reddenunciafeminicidiosestadodemexico.com\/?s={search_term_string}\"},\"query-input\":{\"@type\":\"PropertyValueSpecification\",\"valueRequired\":true,\"valueName\":\"search_term_string\"}}],\"inLanguage\":\"es\"}]}<\/script>\n<!-- \/ Yoast SEO plugin. -->","yoast_head_json":{"title":"Imaginando la memoria - Red Denuncia Feminicidios Estado de M\u00e9xico","robots":{"index":"index","follow":"follow","max-snippet":"max-snippet:-1","max-image-preview":"max-image-preview:large","max-video-preview":"max-video-preview:-1"},"canonical":"https:\/\/reddenunciafeminicidiosestadodemexico.com\/index.php\/videos\/","og_locale":"es_ES","og_type":"article","og_title":"Imaginando la memoria - Red Denuncia Feminicidios Estado de M\u00e9xico","og_description":"Documentales Noticias Academia Performance por la justicia y la vida Performance pol\u00edtico por la justicia y la vida Sobrevivientes Madres y familias ense\u00f1ando justicia","og_url":"https:\/\/reddenunciafeminicidiosestadodemexico.com\/index.php\/videos\/","og_site_name":"Red Denuncia Feminicidios Estado de M\u00e9xico","article_modified_time":"2023-11-25T02:05:39+00:00","og_image":[{"url":"https:\/\/reddenunciafeminicidiosestadodemexico.com\/wp-content\/uploads\/2023\/07\/Opera-Captura-de-pantalla_2023-07-11_204613_www.youtube.com_.png","type":"","width":"","height":""}],"twitter_card":"summary_large_image","twitter_misc":{"Tiempo de lectura":"1 minuto"},"schema":{"@context":"https:\/\/schema.org","@graph":[{"@type":"WebPage","@id":"https:\/\/reddenunciafeminicidiosestadodemexico.com\/index.php\/videos\/","url":"https:\/\/reddenunciafeminicidiosestadodemexico.com\/index.php\/videos\/","name":"Imaginando la memoria - Red Denuncia Feminicidios Estado de M\u00e9xico","isPartOf":{"@id":"https:\/\/reddenunciafeminicidiosestadodemexico.com\/#website"},"primaryImageOfPage":{"@id":"https:\/\/reddenunciafeminicidiosestadodemexico.com\/index.php\/videos\/#primaryimage"},"image":{"@id":"https:\/\/reddenunciafeminicidiosestadodemexico.com\/index.php\/videos\/#primaryimage"},"thumbnailUrl":"https:\/\/reddenunciafeminicidiosestadodemexico.com\/wp-content\/uploads\/2023\/07\/Opera-Captura-de-pantalla_2023-07-11_204613_www.youtube.com_.png","datePublished":"2022-07-09T00:56:35+00:00","dateModified":"2023-11-25T02:05:39+00:00","breadcrumb":{"@id":"https:\/\/reddenunciafeminicidiosestadodemexico.com\/index.php\/videos\/#breadcrumb"},"inLanguage":"es","potentialAction":[{"@type":"ReadAction","target":["https:\/\/reddenunciafeminicidiosestadodemexico.com\/index.php\/videos\/"]}]},{"@type":"ImageObject","inLanguage":"es","@id":"https:\/\/reddenunciafeminicidiosestadodemexico.com\/index.php\/videos\/#primaryimage","url":"https:\/\/reddenunciafeminicidiosestadodemexico.com\/wp-content\/uploads\/2023\/07\/Opera-Captura-de-pantalla_2023-07-11_204613_www.youtube.com_.png","contentUrl":"https:\/\/reddenunciafeminicidiosestadodemexico.com\/wp-content\/uploads\/2023\/07\/Opera-Captura-de-pantalla_2023-07-11_204613_www.youtube.com_.png","width":673,"height":469},{"@type":"BreadcrumbList","@id":"https:\/\/reddenunciafeminicidiosestadodemexico.com\/index.php\/videos\/#breadcrumb","itemListElement":[{"@type":"ListItem","position":1,"name":"Portada","item":"https:\/\/reddenunciafeminicidiosestadodemexico.com\/"},{"@type":"ListItem","position":2,"name":"Imaginando la memoria"}]},{"@type":"WebSite","@id":"https:\/\/reddenunciafeminicidiosestadodemexico.com\/#website","url":"https:\/\/reddenunciafeminicidiosestadodemexico.com\/","name":"Red Denuncia Feminicidios Estado de M\u00e9xico","description":"","potentialAction":[{"@type":"SearchAction","target":{"@type":"EntryPoint","urlTemplate":"https:\/\/reddenunciafeminicidiosestadodemexico.com\/?s={search_term_string}"},"query-input":{"@type":"PropertyValueSpecification","valueRequired":true,"valueName":"search_term_string"}}],"inLanguage":"es"}]}},"_links":{"self":[{"href":"https:\/\/reddenunciafeminicidiosestadodemexico.com\/index.php\/wp-json\/wp\/v2\/pages\/46","targetHints":{"allow":["GET"]}}],"collection":[{"href":"https:\/\/reddenunciafeminicidiosestadodemexico.com\/index.php\/wp-json\/wp\/v2\/pages"}],"about":[{"href":"https:\/\/reddenunciafeminicidiosestadodemexico.com\/index.php\/wp-json\/wp\/v2\/types\/page"}],"author":[{"embeddable":true,"href":"https:\/\/reddenunciafeminicidiosestadodemexico.com\/index.php\/wp-json\/wp\/v2\/users\/1"}],"replies":[{"embeddable":true,"href":"https:\/\/reddenunciafeminicidiosestadodemexico.com\/index.php\/wp-json\/wp\/v2\/comments?post=46"}],"version-history":[{"count":48,"href":"https:\/\/reddenunciafeminicidiosestadodemexico.com\/index.php\/wp-json\/wp\/v2\/pages\/46\/revisions"}],"predecessor-version":[{"id":554,"href":"https:\/\/reddenunciafeminicidiosestadodemexico.com\/index.php\/wp-json\/wp\/v2\/pages\/46\/revisions\/554"}],"wp:attachment":[{"href":"https:\/\/reddenunciafeminicidiosestadodemexico.com\/index.php\/wp-json\/wp\/v2\/media?parent=46"}],"curies":[{"name":"wp","href":"https:\/\/api.w.org\/{rel}","templated":true}]}}