{"id":550,"date":"2023-11-25T02:04:32","date_gmt":"2023-11-25T02:04:32","guid":{"rendered":"https:\/\/reddenunciafeminicidiosestadodemexico.com\/?page_id=550"},"modified":"2024-01-07T03:46:24","modified_gmt":"2024-01-07T03:46:24","slug":"academia","status":"publish","type":"page","link":"https:\/\/reddenunciafeminicidiosestadodemexico.com\/index.php\/academia\/","title":{"rendered":"Academia"},"content":{"rendered":"\n<p>El arte de la resistencia.<\/p>\n\n\n\n<figure class=\"wp-block-image size-full is-resized\"><a href=\"https:\/\/reddenunciafeminicidiosestadodemexico.com\/index.php\/el-arte-de-la-resistencia-mesa-2\/\"><img loading=\"lazy\" decoding=\"async\" width=\"771\" height=\"535\" src=\"https:\/\/reddenunciafeminicidiosestadodemexico.com\/wp-content\/uploads\/2023\/06\/Opera-Captura-de-pantalla_2023-06-21_151517_www.youtube.comm_-2.png\" alt=\"\" class=\"wp-image-231\" style=\"width:424px;height:auto\" srcset=\"https:\/\/reddenunciafeminicidiosestadodemexico.com\/wp-content\/uploads\/2023\/06\/Opera-Captura-de-pantalla_2023-06-21_151517_www.youtube.comm_-2.png 771w, https:\/\/reddenunciafeminicidiosestadodemexico.com\/wp-content\/uploads\/2023\/06\/Opera-Captura-de-pantalla_2023-06-21_151517_www.youtube.comm_-2-300x208.png 300w, https:\/\/reddenunciafeminicidiosestadodemexico.com\/wp-content\/uploads\/2023\/06\/Opera-Captura-de-pantalla_2023-06-21_151517_www.youtube.comm_-2-768x533.png 768w\" sizes=\"auto, (max-width: 771px) 100vw, 771px\" \/><\/a><\/figure>\n\n\n\n<p>Dar que pensar, Espacios comunes de aprendizaje.<\/p>\n\n\n\n<figure class=\"wp-block-image size-large is-resized\"><a href=\"https:\/\/reddenunciafeminicidiosestadodemexico.com\/index.php\/dar-que-pensar-espacios-comunes-de-aprendizaje-muac\/\"><img loading=\"lazy\" decoding=\"async\" width=\"1024\" height=\"1024\" src=\"https:\/\/reddenunciafeminicidiosestadodemexico.com\/wp-content\/uploads\/2023\/11\/Imagen-de-WhatsApp-2023-11-24-a-las-19.35.52_6d256786-1-1024x1024.jpg\" alt=\"\" class=\"wp-image-551\" style=\"width:421px;height:auto\" srcset=\"https:\/\/reddenunciafeminicidiosestadodemexico.com\/wp-content\/uploads\/2023\/11\/Imagen-de-WhatsApp-2023-11-24-a-las-19.35.52_6d256786-1-1024x1024.jpg 1024w, https:\/\/reddenunciafeminicidiosestadodemexico.com\/wp-content\/uploads\/2023\/11\/Imagen-de-WhatsApp-2023-11-24-a-las-19.35.52_6d256786-1-300x300.jpg 300w, https:\/\/reddenunciafeminicidiosestadodemexico.com\/wp-content\/uploads\/2023\/11\/Imagen-de-WhatsApp-2023-11-24-a-las-19.35.52_6d256786-1-150x150.jpg 150w, https:\/\/reddenunciafeminicidiosestadodemexico.com\/wp-content\/uploads\/2023\/11\/Imagen-de-WhatsApp-2023-11-24-a-las-19.35.52_6d256786-1-768x768.jpg 768w, https:\/\/reddenunciafeminicidiosestadodemexico.com\/wp-content\/uploads\/2023\/11\/Imagen-de-WhatsApp-2023-11-24-a-las-19.35.52_6d256786-1.jpg 1250w\" sizes=\"auto, (max-width: 1024px) 100vw, 1024px\" \/><\/a><\/figure>\n\n\n\n<p>A las puertas del infierno: Ecatepec, el lugar m\u00e1s peligroso para ser mujer. <\/p>\n\n\n\n<figure class=\"wp-block-image size-full is-resized\"><a href=\"https:\/\/reddenunciafeminicidiosestadodemexico.com\/index.php\/a-las-puertas-del-infierno\/\"><img loading=\"lazy\" decoding=\"async\" width=\"809\" height=\"544\" src=\"https:\/\/reddenunciafeminicidiosestadodemexico.com\/wp-content\/uploads\/2023\/12\/Opera-Captura-de-pantalla_2023-12-01_144534_www.youtube.com_-1.png\" alt=\"\" class=\"wp-image-570\" style=\"width:422px;height:auto\" srcset=\"https:\/\/reddenunciafeminicidiosestadodemexico.com\/wp-content\/uploads\/2023\/12\/Opera-Captura-de-pantalla_2023-12-01_144534_www.youtube.com_-1.png 809w, https:\/\/reddenunciafeminicidiosestadodemexico.com\/wp-content\/uploads\/2023\/12\/Opera-Captura-de-pantalla_2023-12-01_144534_www.youtube.com_-1-300x202.png 300w, https:\/\/reddenunciafeminicidiosestadodemexico.com\/wp-content\/uploads\/2023\/12\/Opera-Captura-de-pantalla_2023-12-01_144534_www.youtube.com_-1-768x516.png 768w\" sizes=\"auto, (max-width: 809px) 100vw, 809px\" \/><\/a><\/figure>\n\n\n\n<p>Pedagog\u00eda del Performance<\/p>\n\n\n\n<figure class=\"wp-block-image size-full is-resized\"><a href=\"https:\/\/reddenunciafeminicidiosestadodemexico.com\/index.php\/pedagogia-del-performance\/\"><img loading=\"lazy\" decoding=\"async\" width=\"579\" height=\"508\" src=\"https:\/\/reddenunciafeminicidiosestadodemexico.com\/wp-content\/uploads\/2024\/01\/Opera-Captura-de-pantalla_2024-01-06_195021_www.youtube.com_.png\" alt=\"\" class=\"wp-image-591\" style=\"width:423px;height:auto\" srcset=\"https:\/\/reddenunciafeminicidiosestadodemexico.com\/wp-content\/uploads\/2024\/01\/Opera-Captura-de-pantalla_2024-01-06_195021_www.youtube.com_.png 579w, https:\/\/reddenunciafeminicidiosestadodemexico.com\/wp-content\/uploads\/2024\/01\/Opera-Captura-de-pantalla_2024-01-06_195021_www.youtube.com_-300x263.png 300w\" sizes=\"auto, (max-width: 579px) 100vw, 579px\" \/><\/a><\/figure>\n\n\n\n<p>Performance pol\u00edtico desde el borde.<\/p>\n\n\n\n<figure class=\"wp-block-image size-full is-resized\"><a href=\"https:\/\/reddenunciafeminicidiosestadodemexico.com\/index.php\/performance-politico-desde-el-borde\/\"><img loading=\"lazy\" decoding=\"async\" width=\"699\" height=\"533\" src=\"https:\/\/reddenunciafeminicidiosestadodemexico.com\/wp-content\/uploads\/2024\/01\/Opera-Captura-de-pantalla_2024-01-06_205249_www.youtube.com_.png\" alt=\"\" class=\"wp-image-604\" style=\"width:426px;height:auto\" srcset=\"https:\/\/reddenunciafeminicidiosestadodemexico.com\/wp-content\/uploads\/2024\/01\/Opera-Captura-de-pantalla_2024-01-06_205249_www.youtube.com_.png 699w, https:\/\/reddenunciafeminicidiosestadodemexico.com\/wp-content\/uploads\/2024\/01\/Opera-Captura-de-pantalla_2024-01-06_205249_www.youtube.com_-300x229.png 300w\" sizes=\"auto, (max-width: 699px) 100vw, 699px\" \/><\/a><\/figure>\n\n\n\n<p>Mesa: Est\u00e9tica y cuerpo<\/p>\n\n\n\n<figure class=\"wp-block-image size-full is-resized\"><a href=\"https:\/\/reddenunciafeminicidiosestadodemexico.com\/index.php\/mesa-estetica-y-cuerpo\/\"><img loading=\"lazy\" decoding=\"async\" width=\"505\" height=\"489\" src=\"https:\/\/reddenunciafeminicidiosestadodemexico.com\/wp-content\/uploads\/2024\/01\/imagen_2024-01-06_211021299.png\" alt=\"\" class=\"wp-image-613\" style=\"width:424px;height:auto\" srcset=\"https:\/\/reddenunciafeminicidiosestadodemexico.com\/wp-content\/uploads\/2024\/01\/imagen_2024-01-06_211021299.png 505w, https:\/\/reddenunciafeminicidiosestadodemexico.com\/wp-content\/uploads\/2024\/01\/imagen_2024-01-06_211021299-300x290.png 300w\" sizes=\"auto, (max-width: 505px) 100vw, 505px\" \/><\/a><\/figure>\n\n\n\n<p>Pr\u00e1cticas educativas con perspectiva de g\u00e9nero.<\/p>\n\n\n\n<figure class=\"wp-block-image size-full is-resized\"><a href=\"https:\/\/reddenunciafeminicidiosestadodemexico.com\/index.php\/practicas-educativas-en-la-perspectiva-de-genero\/\"><img loading=\"lazy\" decoding=\"async\" width=\"461\" height=\"318\" src=\"https:\/\/reddenunciafeminicidiosestadodemexico.com\/wp-content\/uploads\/2024\/01\/Opera-Captura-de-pantalla_2024-01-06_211652_www.youtube.com_.png\" alt=\"\" class=\"wp-image-622\" style=\"width:423px;height:auto\" srcset=\"https:\/\/reddenunciafeminicidiosestadodemexico.com\/wp-content\/uploads\/2024\/01\/Opera-Captura-de-pantalla_2024-01-06_211652_www.youtube.com_.png 461w, https:\/\/reddenunciafeminicidiosestadodemexico.com\/wp-content\/uploads\/2024\/01\/Opera-Captura-de-pantalla_2024-01-06_211652_www.youtube.com_-300x207.png 300w\" sizes=\"auto, (max-width: 461px) 100vw, 461px\" \/><\/a><\/figure>\n\n\n\n<p>La docencia m\u00e1s all\u00e1 del aula<\/p>\n\n\n\n<figure class=\"wp-block-image size-full is-resized\"><a href=\"https:\/\/reddenunciafeminicidiosestadodemexico.com\/index.php\/la-docencia-mas-alla-del-aula\/\"><img loading=\"lazy\" decoding=\"async\" width=\"786\" height=\"518\" src=\"https:\/\/reddenunciafeminicidiosestadodemexico.com\/wp-content\/uploads\/2024\/01\/Opera-Captura-de-pantalla_2024-01-06_213059_www.youtube.com_.png\" alt=\"\" class=\"wp-image-634\" style=\"width:431px;height:auto\" srcset=\"https:\/\/reddenunciafeminicidiosestadodemexico.com\/wp-content\/uploads\/2024\/01\/Opera-Captura-de-pantalla_2024-01-06_213059_www.youtube.com_.png 786w, https:\/\/reddenunciafeminicidiosestadodemexico.com\/wp-content\/uploads\/2024\/01\/Opera-Captura-de-pantalla_2024-01-06_213059_www.youtube.com_-300x198.png 300w, https:\/\/reddenunciafeminicidiosestadodemexico.com\/wp-content\/uploads\/2024\/01\/Opera-Captura-de-pantalla_2024-01-06_213059_www.youtube.com_-768x506.png 768w\" sizes=\"auto, (max-width: 786px) 100vw, 786px\" \/><\/a><\/figure>\n\n\n\n<p>Perspectivas actuales del feminicidio. <\/p>\n\n\n\n<figure class=\"wp-block-image size-full\"><a href=\"https:\/\/reddenunciafeminicidiosestadodemexico.com\/index.php\/perspectivas-actuales-del-feminicidio-en-mexico\/\"><img loading=\"lazy\" decoding=\"async\" width=\"412\" height=\"500\" src=\"https:\/\/reddenunciafeminicidiosestadodemexico.com\/wp-content\/uploads\/2024\/01\/imagen_2024-01-06_213747548.png\" alt=\"\" class=\"wp-image-638\" srcset=\"https:\/\/reddenunciafeminicidiosestadodemexico.com\/wp-content\/uploads\/2024\/01\/imagen_2024-01-06_213747548.png 412w, https:\/\/reddenunciafeminicidiosestadodemexico.com\/wp-content\/uploads\/2024\/01\/imagen_2024-01-06_213747548-247x300.png 247w\" sizes=\"auto, (max-width: 412px) 100vw, 412px\" \/><\/a><\/figure>\n<!-- AddThis Advanced Settings generic via filter on the_content --><!-- AddThis Share Buttons generic via filter on the_content -->","protected":false},"excerpt":{"rendered":"<p>El arte de la resistencia. Dar que pensar, Espacios comunes de aprendizaje. A las puertas del infierno: Ecatepec, el lugar m\u00e1s peligroso para ser mujer. Pedagog\u00eda del Performance Performance pol\u00edtico desde el borde. Mesa: Est\u00e9tica y cuerpo Pr\u00e1cticas educativas con perspectiva de g\u00e9nero. La docencia m\u00e1s all\u00e1 del aula Perspectivas actuales del feminicidio.<!-- AddThis Advanced Settings generic via filter on get_the_excerpt --><!-- AddThis Share Buttons generic via filter on get_the_excerpt --><\/p>\n","protected":false},"author":1,"featured_media":0,"parent":0,"menu_order":0,"comment_status":"closed","ping_status":"closed","template":"","meta":{"footnotes":""},"class_list":["post-550","page","type-page","status-publish","hentry"],"yoast_head":"<!-- This site is optimized with the Yoast SEO plugin v27.0 - https:\/\/yoast.com\/product\/yoast-seo-wordpress\/ -->\n<title>Academia - Red Denuncia Feminicidios Estado de M\u00e9xico<\/title>\n<meta name=\"robots\" content=\"index, follow, max-snippet:-1, max-image-preview:large, max-video-preview:-1\" \/>\n<link rel=\"canonical\" href=\"https:\/\/reddenunciafeminicidiosestadodemexico.com\/index.php\/academia\/\" \/>\n<meta property=\"og:locale\" content=\"es_ES\" \/>\n<meta property=\"og:type\" content=\"article\" \/>\n<meta property=\"og:title\" content=\"Academia - Red Denuncia Feminicidios Estado de M\u00e9xico\" \/>\n<meta property=\"og:description\" content=\"El arte de la resistencia. Dar que pensar, Espacios comunes de aprendizaje. A las puertas del infierno: Ecatepec, el lugar m\u00e1s peligroso para ser mujer. Pedagog\u00eda del Performance Performance pol\u00edtico desde el borde. Mesa: Est\u00e9tica y cuerpo Pr\u00e1cticas educativas con perspectiva de g\u00e9nero. La docencia m\u00e1s all\u00e1 del aula Perspectivas actuales del feminicidio.\" \/>\n<meta property=\"og:url\" content=\"https:\/\/reddenunciafeminicidiosestadodemexico.com\/index.php\/academia\/\" \/>\n<meta property=\"og:site_name\" content=\"Red Denuncia Feminicidios Estado de M\u00e9xico\" \/>\n<meta property=\"article:modified_time\" content=\"2024-01-07T03:46:24+00:00\" \/>\n<meta property=\"og:image\" content=\"https:\/\/reddenunciafeminicidiosestadodemexico.com\/wp-content\/uploads\/2023\/06\/Opera-Captura-de-pantalla_2023-06-21_151517_www.youtube.comm_-2.png\" \/>\n<meta name=\"twitter:card\" content=\"summary_large_image\" \/>\n<script type=\"application\/ld+json\" class=\"yoast-schema-graph\">{\"@context\":\"https:\/\/schema.org\",\"@graph\":[{\"@type\":\"WebPage\",\"@id\":\"https:\/\/reddenunciafeminicidiosestadodemexico.com\/index.php\/academia\/\",\"url\":\"https:\/\/reddenunciafeminicidiosestadodemexico.com\/index.php\/academia\/\",\"name\":\"Academia - Red Denuncia Feminicidios Estado de M\u00e9xico\",\"isPartOf\":{\"@id\":\"https:\/\/reddenunciafeminicidiosestadodemexico.com\/#website\"},\"primaryImageOfPage\":{\"@id\":\"https:\/\/reddenunciafeminicidiosestadodemexico.com\/index.php\/academia\/#primaryimage\"},\"image\":{\"@id\":\"https:\/\/reddenunciafeminicidiosestadodemexico.com\/index.php\/academia\/#primaryimage\"},\"thumbnailUrl\":\"https:\/\/reddenunciafeminicidiosestadodemexico.com\/wp-content\/uploads\/2023\/06\/Opera-Captura-de-pantalla_2023-06-21_151517_www.youtube.comm_-2.png\",\"datePublished\":\"2023-11-25T02:04:32+00:00\",\"dateModified\":\"2024-01-07T03:46:24+00:00\",\"breadcrumb\":{\"@id\":\"https:\/\/reddenunciafeminicidiosestadodemexico.com\/index.php\/academia\/#breadcrumb\"},\"inLanguage\":\"es\",\"potentialAction\":[{\"@type\":\"ReadAction\",\"target\":[\"https:\/\/reddenunciafeminicidiosestadodemexico.com\/index.php\/academia\/\"]}]},{\"@type\":\"ImageObject\",\"inLanguage\":\"es\",\"@id\":\"https:\/\/reddenunciafeminicidiosestadodemexico.com\/index.php\/academia\/#primaryimage\",\"url\":\"https:\/\/reddenunciafeminicidiosestadodemexico.com\/wp-content\/uploads\/2023\/06\/Opera-Captura-de-pantalla_2023-06-21_151517_www.youtube.comm_-2.png\",\"contentUrl\":\"https:\/\/reddenunciafeminicidiosestadodemexico.com\/wp-content\/uploads\/2023\/06\/Opera-Captura-de-pantalla_2023-06-21_151517_www.youtube.comm_-2.png\",\"width\":771,\"height\":535},{\"@type\":\"BreadcrumbList\",\"@id\":\"https:\/\/reddenunciafeminicidiosestadodemexico.com\/index.php\/academia\/#breadcrumb\",\"itemListElement\":[{\"@type\":\"ListItem\",\"position\":1,\"name\":\"Portada\",\"item\":\"https:\/\/reddenunciafeminicidiosestadodemexico.com\/\"},{\"@type\":\"ListItem\",\"position\":2,\"name\":\"Academia\"}]},{\"@type\":\"WebSite\",\"@id\":\"https:\/\/reddenunciafeminicidiosestadodemexico.com\/#website\",\"url\":\"https:\/\/reddenunciafeminicidiosestadodemexico.com\/\",\"name\":\"Red Denuncia Feminicidios Estado de M\u00e9xico\",\"description\":\"\",\"potentialAction\":[{\"@type\":\"SearchAction\",\"target\":{\"@type\":\"EntryPoint\",\"urlTemplate\":\"https:\/\/reddenunciafeminicidiosestadodemexico.com\/?s={search_term_string}\"},\"query-input\":{\"@type\":\"PropertyValueSpecification\",\"valueRequired\":true,\"valueName\":\"search_term_string\"}}],\"inLanguage\":\"es\"}]}<\/script>\n<!-- \/ Yoast SEO plugin. -->","yoast_head_json":{"title":"Academia - Red Denuncia Feminicidios Estado de M\u00e9xico","robots":{"index":"index","follow":"follow","max-snippet":"max-snippet:-1","max-image-preview":"max-image-preview:large","max-video-preview":"max-video-preview:-1"},"canonical":"https:\/\/reddenunciafeminicidiosestadodemexico.com\/index.php\/academia\/","og_locale":"es_ES","og_type":"article","og_title":"Academia - Red Denuncia Feminicidios Estado de M\u00e9xico","og_description":"El arte de la resistencia. Dar que pensar, Espacios comunes de aprendizaje. A las puertas del infierno: Ecatepec, el lugar m\u00e1s peligroso para ser mujer. Pedagog\u00eda del Performance Performance pol\u00edtico desde el borde. Mesa: Est\u00e9tica y cuerpo Pr\u00e1cticas educativas con perspectiva de g\u00e9nero. La docencia m\u00e1s all\u00e1 del aula Perspectivas actuales del feminicidio.","og_url":"https:\/\/reddenunciafeminicidiosestadodemexico.com\/index.php\/academia\/","og_site_name":"Red Denuncia Feminicidios Estado de M\u00e9xico","article_modified_time":"2024-01-07T03:46:24+00:00","og_image":[{"url":"https:\/\/reddenunciafeminicidiosestadodemexico.com\/wp-content\/uploads\/2023\/06\/Opera-Captura-de-pantalla_2023-06-21_151517_www.youtube.comm_-2.png","type":"","width":"","height":""}],"twitter_card":"summary_large_image","schema":{"@context":"https:\/\/schema.org","@graph":[{"@type":"WebPage","@id":"https:\/\/reddenunciafeminicidiosestadodemexico.com\/index.php\/academia\/","url":"https:\/\/reddenunciafeminicidiosestadodemexico.com\/index.php\/academia\/","name":"Academia - Red Denuncia Feminicidios Estado de M\u00e9xico","isPartOf":{"@id":"https:\/\/reddenunciafeminicidiosestadodemexico.com\/#website"},"primaryImageOfPage":{"@id":"https:\/\/reddenunciafeminicidiosestadodemexico.com\/index.php\/academia\/#primaryimage"},"image":{"@id":"https:\/\/reddenunciafeminicidiosestadodemexico.com\/index.php\/academia\/#primaryimage"},"thumbnailUrl":"https:\/\/reddenunciafeminicidiosestadodemexico.com\/wp-content\/uploads\/2023\/06\/Opera-Captura-de-pantalla_2023-06-21_151517_www.youtube.comm_-2.png","datePublished":"2023-11-25T02:04:32+00:00","dateModified":"2024-01-07T03:46:24+00:00","breadcrumb":{"@id":"https:\/\/reddenunciafeminicidiosestadodemexico.com\/index.php\/academia\/#breadcrumb"},"inLanguage":"es","potentialAction":[{"@type":"ReadAction","target":["https:\/\/reddenunciafeminicidiosestadodemexico.com\/index.php\/academia\/"]}]},{"@type":"ImageObject","inLanguage":"es","@id":"https:\/\/reddenunciafeminicidiosestadodemexico.com\/index.php\/academia\/#primaryimage","url":"https:\/\/reddenunciafeminicidiosestadodemexico.com\/wp-content\/uploads\/2023\/06\/Opera-Captura-de-pantalla_2023-06-21_151517_www.youtube.comm_-2.png","contentUrl":"https:\/\/reddenunciafeminicidiosestadodemexico.com\/wp-content\/uploads\/2023\/06\/Opera-Captura-de-pantalla_2023-06-21_151517_www.youtube.comm_-2.png","width":771,"height":535},{"@type":"BreadcrumbList","@id":"https:\/\/reddenunciafeminicidiosestadodemexico.com\/index.php\/academia\/#breadcrumb","itemListElement":[{"@type":"ListItem","position":1,"name":"Portada","item":"https:\/\/reddenunciafeminicidiosestadodemexico.com\/"},{"@type":"ListItem","position":2,"name":"Academia"}]},{"@type":"WebSite","@id":"https:\/\/reddenunciafeminicidiosestadodemexico.com\/#website","url":"https:\/\/reddenunciafeminicidiosestadodemexico.com\/","name":"Red Denuncia Feminicidios Estado de M\u00e9xico","description":"","potentialAction":[{"@type":"SearchAction","target":{"@type":"EntryPoint","urlTemplate":"https:\/\/reddenunciafeminicidiosestadodemexico.com\/?s={search_term_string}"},"query-input":{"@type":"PropertyValueSpecification","valueRequired":true,"valueName":"search_term_string"}}],"inLanguage":"es"}]}},"_links":{"self":[{"href":"https:\/\/reddenunciafeminicidiosestadodemexico.com\/index.php\/wp-json\/wp\/v2\/pages\/550","targetHints":{"allow":["GET"]}}],"collection":[{"href":"https:\/\/reddenunciafeminicidiosestadodemexico.com\/index.php\/wp-json\/wp\/v2\/pages"}],"about":[{"href":"https:\/\/reddenunciafeminicidiosestadodemexico.com\/index.php\/wp-json\/wp\/v2\/types\/page"}],"author":[{"embeddable":true,"href":"https:\/\/reddenunciafeminicidiosestadodemexico.com\/index.php\/wp-json\/wp\/v2\/users\/1"}],"replies":[{"embeddable":true,"href":"https:\/\/reddenunciafeminicidiosestadodemexico.com\/index.php\/wp-json\/wp\/v2\/comments?post=550"}],"version-history":[{"count":16,"href":"https:\/\/reddenunciafeminicidiosestadodemexico.com\/index.php\/wp-json\/wp\/v2\/pages\/550\/revisions"}],"predecessor-version":[{"id":643,"href":"https:\/\/reddenunciafeminicidiosestadodemexico.com\/index.php\/wp-json\/wp\/v2\/pages\/550\/revisions\/643"}],"wp:attachment":[{"href":"https:\/\/reddenunciafeminicidiosestadodemexico.com\/index.php\/wp-json\/wp\/v2\/media?parent=550"}],"curies":[{"name":"wp","href":"https:\/\/api.w.org\/{rel}","templated":true}]}}