{"id":644,"date":"2024-01-07T03:52:37","date_gmt":"2024-01-07T03:52:37","guid":{"rendered":"https:\/\/reddenunciafeminicidiosestadodemexico.com\/?page_id=644"},"modified":"2024-01-07T03:52:37","modified_gmt":"2024-01-07T03:52:37","slug":"fuimos-a-ecatepec-para-el-homenaje-victimas-de-feminicidio","status":"publish","type":"page","link":"https:\/\/reddenunciafeminicidiosestadodemexico.com\/index.php\/fuimos-a-ecatepec-para-el-homenaje-victimas-de-feminicidio\/","title":{"rendered":"Fuimos a Ecatepec para el homenaje v\u00edctimas de feminicidio."},"content":{"rendered":"\n<figure class=\"wp-block-embed is-type-video is-provider-youtube wp-block-embed-youtube wp-embed-aspect-16-9 wp-has-aspect-ratio\"><div class=\"wp-block-embed__wrapper\">\n<iframe loading=\"lazy\" title=\"Fuimos a Ecatepec para el homenaje a v\u00edctimas de feminicidio\" width=\"500\" height=\"281\" src=\"https:\/\/www.youtube.com\/embed\/hCfxtL6bQsA?feature=oembed\" frameborder=\"0\" allow=\"accelerometer; autoplay; clipboard-write; encrypted-media; gyroscope; picture-in-picture; web-share\" referrerpolicy=\"strict-origin-when-cross-origin\" allowfullscreen><\/iframe>\n<\/div><\/figure>\n\n\n\n<p>Por Samantha, por Fernanda, por Karen, por Diana, por todas las mujeres asesinadas. La violencia contra la mujer en el pa\u00eds es un problema que la sociedad exige que resuelva y as\u00ed fue como acompa\u00f1amos a Mujeres de la Periferia para la Periferia y familiares de la v\u00edctima para rendirle un homenaje a las mujeres asesinadas y exigir justicia. <a href=\"https:\/\/www.youtube.com\/hashtag\/niunamenos\">#NiUnaMenos<\/a> <a href=\"https:\/\/www.youtube.com\/hashtag\/feminicidios\">#Feminicidios<\/a> <a href=\"https:\/\/www.youtube.com\/hashtag\/justicia\">#Justicia<\/a><\/p>\n<!-- AddThis Advanced Settings generic via filter on the_content --><!-- AddThis Share Buttons generic via filter on the_content -->","protected":false},"excerpt":{"rendered":"<p>Por Samantha, por Fernanda, por Karen, por Diana, por todas las mujeres asesinadas. La violencia contra la mujer en el pa\u00eds es un problema que la sociedad exige que resuelva y as\u00ed fue como acompa\u00f1amos a Mujeres de la Periferia para la Periferia y familiares de la v\u00edctima para rendirle un homenaje a las mujeres [&hellip;]<!-- AddThis Advanced Settings generic via filter on get_the_excerpt --><!-- AddThis Share Buttons generic via filter on get_the_excerpt --><\/p>\n","protected":false},"author":1,"featured_media":0,"parent":0,"menu_order":0,"comment_status":"closed","ping_status":"closed","template":"","meta":{"footnotes":""},"class_list":["post-644","page","type-page","status-publish","hentry"],"yoast_head":"<!-- This site is optimized with the Yoast SEO plugin v27.0 - https:\/\/yoast.com\/product\/yoast-seo-wordpress\/ -->\n<title>Fuimos a Ecatepec para el homenaje v\u00edctimas de feminicidio. - Red Denuncia Feminicidios Estado de M\u00e9xico<\/title>\n<meta name=\"robots\" content=\"index, follow, max-snippet:-1, max-image-preview:large, max-video-preview:-1\" \/>\n<link rel=\"canonical\" href=\"https:\/\/reddenunciafeminicidiosestadodemexico.com\/index.php\/fuimos-a-ecatepec-para-el-homenaje-victimas-de-feminicidio\/\" \/>\n<meta property=\"og:locale\" content=\"es_ES\" \/>\n<meta property=\"og:type\" content=\"article\" \/>\n<meta property=\"og:title\" content=\"Fuimos a Ecatepec para el homenaje v\u00edctimas de feminicidio. - Red Denuncia Feminicidios Estado de M\u00e9xico\" \/>\n<meta property=\"og:description\" content=\"Por Samantha, por Fernanda, por Karen, por Diana, por todas las mujeres asesinadas. La violencia contra la mujer en el pa\u00eds es un problema que la sociedad exige que resuelva y as\u00ed fue como acompa\u00f1amos a Mujeres de la Periferia para la Periferia y familiares de la v\u00edctima para rendirle un homenaje a las mujeres [&hellip;]\" \/>\n<meta property=\"og:url\" content=\"https:\/\/reddenunciafeminicidiosestadodemexico.com\/index.php\/fuimos-a-ecatepec-para-el-homenaje-victimas-de-feminicidio\/\" \/>\n<meta property=\"og:site_name\" content=\"Red Denuncia Feminicidios Estado de M\u00e9xico\" \/>\n<meta name=\"twitter:card\" content=\"summary_large_image\" \/>\n<script type=\"application\/ld+json\" class=\"yoast-schema-graph\">{\"@context\":\"https:\/\/schema.org\",\"@graph\":[{\"@type\":\"WebPage\",\"@id\":\"https:\/\/reddenunciafeminicidiosestadodemexico.com\/index.php\/fuimos-a-ecatepec-para-el-homenaje-victimas-de-feminicidio\/\",\"url\":\"https:\/\/reddenunciafeminicidiosestadodemexico.com\/index.php\/fuimos-a-ecatepec-para-el-homenaje-victimas-de-feminicidio\/\",\"name\":\"Fuimos a Ecatepec para el homenaje v\u00edctimas de feminicidio. - Red Denuncia Feminicidios Estado de M\u00e9xico\",\"isPartOf\":{\"@id\":\"https:\/\/reddenunciafeminicidiosestadodemexico.com\/#website\"},\"datePublished\":\"2024-01-07T03:52:37+00:00\",\"breadcrumb\":{\"@id\":\"https:\/\/reddenunciafeminicidiosestadodemexico.com\/index.php\/fuimos-a-ecatepec-para-el-homenaje-victimas-de-feminicidio\/#breadcrumb\"},\"inLanguage\":\"es\",\"potentialAction\":[{\"@type\":\"ReadAction\",\"target\":[\"https:\/\/reddenunciafeminicidiosestadodemexico.com\/index.php\/fuimos-a-ecatepec-para-el-homenaje-victimas-de-feminicidio\/\"]}]},{\"@type\":\"BreadcrumbList\",\"@id\":\"https:\/\/reddenunciafeminicidiosestadodemexico.com\/index.php\/fuimos-a-ecatepec-para-el-homenaje-victimas-de-feminicidio\/#breadcrumb\",\"itemListElement\":[{\"@type\":\"ListItem\",\"position\":1,\"name\":\"Portada\",\"item\":\"https:\/\/reddenunciafeminicidiosestadodemexico.com\/\"},{\"@type\":\"ListItem\",\"position\":2,\"name\":\"Fuimos a Ecatepec para el homenaje v\u00edctimas de feminicidio.\"}]},{\"@type\":\"WebSite\",\"@id\":\"https:\/\/reddenunciafeminicidiosestadodemexico.com\/#website\",\"url\":\"https:\/\/reddenunciafeminicidiosestadodemexico.com\/\",\"name\":\"Red Denuncia Feminicidios Estado de M\u00e9xico\",\"description\":\"\",\"potentialAction\":[{\"@type\":\"SearchAction\",\"target\":{\"@type\":\"EntryPoint\",\"urlTemplate\":\"https:\/\/reddenunciafeminicidiosestadodemexico.com\/?s={search_term_string}\"},\"query-input\":{\"@type\":\"PropertyValueSpecification\",\"valueRequired\":true,\"valueName\":\"search_term_string\"}}],\"inLanguage\":\"es\"}]}<\/script>\n<!-- \/ Yoast SEO plugin. -->","yoast_head_json":{"title":"Fuimos a Ecatepec para el homenaje v\u00edctimas de feminicidio. - Red Denuncia Feminicidios Estado de M\u00e9xico","robots":{"index":"index","follow":"follow","max-snippet":"max-snippet:-1","max-image-preview":"max-image-preview:large","max-video-preview":"max-video-preview:-1"},"canonical":"https:\/\/reddenunciafeminicidiosestadodemexico.com\/index.php\/fuimos-a-ecatepec-para-el-homenaje-victimas-de-feminicidio\/","og_locale":"es_ES","og_type":"article","og_title":"Fuimos a Ecatepec para el homenaje v\u00edctimas de feminicidio. - Red Denuncia Feminicidios Estado de M\u00e9xico","og_description":"Por Samantha, por Fernanda, por Karen, por Diana, por todas las mujeres asesinadas. La violencia contra la mujer en el pa\u00eds es un problema que la sociedad exige que resuelva y as\u00ed fue como acompa\u00f1amos a Mujeres de la Periferia para la Periferia y familiares de la v\u00edctima para rendirle un homenaje a las mujeres [&hellip;]","og_url":"https:\/\/reddenunciafeminicidiosestadodemexico.com\/index.php\/fuimos-a-ecatepec-para-el-homenaje-victimas-de-feminicidio\/","og_site_name":"Red Denuncia Feminicidios Estado de M\u00e9xico","twitter_card":"summary_large_image","schema":{"@context":"https:\/\/schema.org","@graph":[{"@type":"WebPage","@id":"https:\/\/reddenunciafeminicidiosestadodemexico.com\/index.php\/fuimos-a-ecatepec-para-el-homenaje-victimas-de-feminicidio\/","url":"https:\/\/reddenunciafeminicidiosestadodemexico.com\/index.php\/fuimos-a-ecatepec-para-el-homenaje-victimas-de-feminicidio\/","name":"Fuimos a Ecatepec para el homenaje v\u00edctimas de feminicidio. - Red Denuncia Feminicidios Estado de M\u00e9xico","isPartOf":{"@id":"https:\/\/reddenunciafeminicidiosestadodemexico.com\/#website"},"datePublished":"2024-01-07T03:52:37+00:00","breadcrumb":{"@id":"https:\/\/reddenunciafeminicidiosestadodemexico.com\/index.php\/fuimos-a-ecatepec-para-el-homenaje-victimas-de-feminicidio\/#breadcrumb"},"inLanguage":"es","potentialAction":[{"@type":"ReadAction","target":["https:\/\/reddenunciafeminicidiosestadodemexico.com\/index.php\/fuimos-a-ecatepec-para-el-homenaje-victimas-de-feminicidio\/"]}]},{"@type":"BreadcrumbList","@id":"https:\/\/reddenunciafeminicidiosestadodemexico.com\/index.php\/fuimos-a-ecatepec-para-el-homenaje-victimas-de-feminicidio\/#breadcrumb","itemListElement":[{"@type":"ListItem","position":1,"name":"Portada","item":"https:\/\/reddenunciafeminicidiosestadodemexico.com\/"},{"@type":"ListItem","position":2,"name":"Fuimos a Ecatepec para el homenaje v\u00edctimas de feminicidio."}]},{"@type":"WebSite","@id":"https:\/\/reddenunciafeminicidiosestadodemexico.com\/#website","url":"https:\/\/reddenunciafeminicidiosestadodemexico.com\/","name":"Red Denuncia Feminicidios Estado de M\u00e9xico","description":"","potentialAction":[{"@type":"SearchAction","target":{"@type":"EntryPoint","urlTemplate":"https:\/\/reddenunciafeminicidiosestadodemexico.com\/?s={search_term_string}"},"query-input":{"@type":"PropertyValueSpecification","valueRequired":true,"valueName":"search_term_string"}}],"inLanguage":"es"}]}},"_links":{"self":[{"href":"https:\/\/reddenunciafeminicidiosestadodemexico.com\/index.php\/wp-json\/wp\/v2\/pages\/644","targetHints":{"allow":["GET"]}}],"collection":[{"href":"https:\/\/reddenunciafeminicidiosestadodemexico.com\/index.php\/wp-json\/wp\/v2\/pages"}],"about":[{"href":"https:\/\/reddenunciafeminicidiosestadodemexico.com\/index.php\/wp-json\/wp\/v2\/types\/page"}],"author":[{"embeddable":true,"href":"https:\/\/reddenunciafeminicidiosestadodemexico.com\/index.php\/wp-json\/wp\/v2\/users\/1"}],"replies":[{"embeddable":true,"href":"https:\/\/reddenunciafeminicidiosestadodemexico.com\/index.php\/wp-json\/wp\/v2\/comments?post=644"}],"version-history":[{"count":1,"href":"https:\/\/reddenunciafeminicidiosestadodemexico.com\/index.php\/wp-json\/wp\/v2\/pages\/644\/revisions"}],"predecessor-version":[{"id":646,"href":"https:\/\/reddenunciafeminicidiosestadodemexico.com\/index.php\/wp-json\/wp\/v2\/pages\/644\/revisions\/646"}],"wp:attachment":[{"href":"https:\/\/reddenunciafeminicidiosestadodemexico.com\/index.php\/wp-json\/wp\/v2\/media?parent=644"}],"curies":[{"name":"wp","href":"https:\/\/api.w.org\/{rel}","templated":true}]}}